{"id":8,"date":"2025-03-20T11:40:46","date_gmt":"2025-03-20T11:40:46","guid":{"rendered":"https:\/\/electricidadeaguas.pt\/?page_id=8"},"modified":"2025-06-09T08:48:05","modified_gmt":"2025-06-09T08:48:05","slug":"home","status":"publish","type":"page","link":"https:\/\/electricidadeaguas.pt\/","title":{"rendered":"Home"},"content":{"rendered":"<div class=\"wp-block-cover alignfull\" style=\"min-height:594px;aspect-ratio:unset;\"><img decoding=\"async\" class=\"wp-block-cover__image-background\" alt=\"\" src=\"https:\/\/electricidadeaguas.pt\/wp-content\/themes\/neve\/assets\/img\/starter-content\/neve-hero-2.png\" style=\"object-position:50% 72%\" data-object-fit=\"cover\" data-object-position=\"50% 72%\"\/><span aria-hidden=\"true\" class=\"wp-block-cover__background has-background-dim-0 has-background-dim\"><\/span><div class=\"wp-block-cover__inner-container is-layout-flow wp-block-cover-is-layout-flow\"><div class=\"wp-block-columns are-vertically-aligned-center is-layout-flex wp-container-core-columns-is-layout-9d6595d7 wp-block-columns-is-layout-flex\"><div class=\"wp-block-column is-vertically-aligned-center is-layout-flow wp-block-column-is-layout-flow\" style=\"padding-right:var(--wp--preset--spacing--20);padding-left:var(--wp--preset--spacing--20);flex-basis:65%\"><h1 class=\"wp-block-heading has-text-align-left has-nv-text-dark-bg-color has-text-color\" style=\"border-style:none;border-width:0px;font-size:35px;font-style:normal;font-weight:700\">ELECTRICIDADE E \u00c1GUAS &#8211; Rui Fonseca<\/h1>\n\n<p class=\"has-text-align-left has-nv-text-dark-bg-color has-text-color\" style=\"font-size:17px\">Oferecemos solu\u00e7\u00f5es em eletricidade, canaliza\u00e7\u00f5es, bombas submers\u00edveis e sistemas de rega, garantindo efici\u00eancia e seguran\u00e7a para a sua casa ou empresa.<\/p>\n\n<div class=\"wp-block-buttons is-horizontal is-content-justification-left is-layout-flex wp-container-core-buttons-is-layout-7e5fce0a wp-block-buttons-is-layout-flex\"><div class=\"wp-block-button is-style-primary\"><a class=\"wp-block-button__link has-text-color has-background has-link-color wp-element-button\" href=\"https:\/\/electricidadeaguas.pt\/?page_id=9\" style=\"color:#0a2279;background-color:#ffffff\">Sobre N\u00f3s<\/a><\/div>\n\n<div class=\"wp-block-button is-style-secondary\"><a class=\"wp-block-button__link has-nv-text-dark-bg-color has-text-color has-link-color wp-element-button\" href=\"https:\/\/electricidadeaguas.pt\/?page_id=5212\">Contacte-nos<\/a><\/div><\/div>\n\n<div style=\"height:120px\" aria-hidden=\"true\" class=\"wp-block-spacer\"><\/div><\/div><\/div><\/div><\/div><div style=\"height:40px\" aria-hidden=\"true\" class=\"wp-block-spacer\"><\/div><div class=\"wp-block-columns is-layout-flex wp-container-core-columns-is-layout-9d6595d7 wp-block-columns-is-layout-flex\"><div class=\"wp-block-column neve-duotone is-layout-flow wp-block-column-is-layout-flow\" style=\"padding-right:var(--wp--preset--spacing--30);padding-left:var(--wp--preset--spacing--30)\"><div class=\"wp-block-image icon-style is-style-default wp-duotone-unset-1\"><figure class=\"aligncenter size-full is-resized has-custom-border\"><img loading=\"lazy\" decoding=\"async\" width=\"1920\" height=\"1920\" src=\"https:\/\/electricidadeaguas.pt\/wp-content\/uploads\/2025\/03\/pngwing.com-1.png\" alt=\"\" class=\"wp-image-101\" style=\"border-radius:0px;width:75px;height:auto\" title=\"\" srcset=\"https:\/\/electricidadeaguas.pt\/wp-content\/uploads\/2025\/03\/pngwing.com-1.png 1920w, https:\/\/electricidadeaguas.pt\/wp-content\/uploads\/2025\/03\/pngwing.com-1-300x300.png 300w, https:\/\/electricidadeaguas.pt\/wp-content\/uploads\/2025\/03\/pngwing.com-1-100x100.png 100w, https:\/\/electricidadeaguas.pt\/wp-content\/uploads\/2025\/03\/pngwing.com-1-600x600.png 600w, https:\/\/electricidadeaguas.pt\/wp-content\/uploads\/2025\/03\/pngwing.com-1-1024x1024.png 1024w, https:\/\/electricidadeaguas.pt\/wp-content\/uploads\/2025\/03\/pngwing.com-1-150x150.png 150w, https:\/\/electricidadeaguas.pt\/wp-content\/uploads\/2025\/03\/pngwing.com-1-768x768.png 768w, https:\/\/electricidadeaguas.pt\/wp-content\/uploads\/2025\/03\/pngwing.com-1-1536x1536.png 1536w\" sizes=\"auto, (max-width: 1920px) 100vw, 1920px\" \/><\/figure><\/div>\n\n<div style=\"height:16px\" aria-hidden=\"true\" class=\"wp-block-spacer\"><\/div>\n\n<h3 class=\"wp-block-heading has-text-align-center has-neve-text-color-color has-text-color\">Canaliza\u00e7\u00f5es<\/h3>\n\n<p class=\"has-text-align-center\" style=\"font-size:20px\">Instala\u00e7\u00e3o e repara\u00e7\u00e3o de redes de \u00e1gua de alta qualidade.<\/p>\n\n<div style=\"height:20px\" aria-hidden=\"true\" class=\"wp-block-spacer\"><\/div><\/div>\n\n<div class=\"wp-block-column is-layout-flow wp-block-column-is-layout-flow\" style=\"padding-right:var(--wp--preset--spacing--30);padding-left:var(--wp--preset--spacing--30)\"><div class=\"wp-block-image icon-style is-style-default\"><figure class=\"aligncenter size-full is-resized has-custom-border\"><img loading=\"lazy\" decoding=\"async\" width=\"3862\" height=\"4825\" src=\"https:\/\/electricidadeaguas.pt\/wp-content\/uploads\/2025\/03\/pngwing.com-2.png\" alt=\"\" class=\"wp-image-102\" style=\"border-radius:0px;width:60px;height:auto\" title=\"\" srcset=\"https:\/\/electricidadeaguas.pt\/wp-content\/uploads\/2025\/03\/pngwing.com-2.png 3862w, https:\/\/electricidadeaguas.pt\/wp-content\/uploads\/2025\/03\/pngwing.com-2-600x750.png 600w, https:\/\/electricidadeaguas.pt\/wp-content\/uploads\/2025\/03\/pngwing.com-2-240x300.png 240w, https:\/\/electricidadeaguas.pt\/wp-content\/uploads\/2025\/03\/pngwing.com-2-820x1024.png 820w, https:\/\/electricidadeaguas.pt\/wp-content\/uploads\/2025\/03\/pngwing.com-2-768x960.png 768w, https:\/\/electricidadeaguas.pt\/wp-content\/uploads\/2025\/03\/pngwing.com-2-1229x1536.png 1229w, https:\/\/electricidadeaguas.pt\/wp-content\/uploads\/2025\/03\/pngwing.com-2-1639x2048.png 1639w\" sizes=\"auto, (max-width: 3862px) 100vw, 3862px\" \/><\/figure><\/div>\n\n<div style=\"height:16px\" aria-hidden=\"true\" class=\"wp-block-spacer\"><\/div>\n\n<h3 class=\"wp-block-heading has-text-align-center has-neve-text-color-color has-text-color\">Material El\u00e9trico<\/h3>\n\n<p class=\"has-text-align-center\" style=\"font-size:20px\">Material el\u00e9trico de qualidade para maior seguran\u00e7a e efic\u00e1cia.<\/p>\n\n<div style=\"height:20px\" aria-hidden=\"true\" class=\"wp-block-spacer\"><\/div><\/div>\n\n<div class=\"wp-block-column is-layout-flow wp-block-column-is-layout-flow\" style=\"padding-right:var(--wp--preset--spacing--30);padding-left:var(--wp--preset--spacing--30)\"><div class=\"wp-block-image icon-style is-style-default wp-duotone-unset-2\"><figure class=\"aligncenter size-full is-resized has-custom-border\"><img loading=\"lazy\" decoding=\"async\" width=\"519\" height=\"604\" src=\"https:\/\/electricidadeaguas.pt\/wp-content\/uploads\/2025\/03\/pngwing.com-3.png\" alt=\"\" class=\"wp-image-103\" style=\"border-radius:0px;width:65px;height:auto\" title=\"\" srcset=\"https:\/\/electricidadeaguas.pt\/wp-content\/uploads\/2025\/03\/pngwing.com-3.png 519w, https:\/\/electricidadeaguas.pt\/wp-content\/uploads\/2025\/03\/pngwing.com-3-258x300.png 258w\" sizes=\"auto, (max-width: 519px) 100vw, 519px\" \/><\/figure><\/div>\n\n<div style=\"height:16px\" aria-hidden=\"true\" class=\"wp-block-spacer\"><\/div>\n\n<h3 class=\"wp-block-heading has-text-align-center has-neve-text-color-color has-text-color\">Sistemas de rega<\/h3>\n\n<p class=\"has-text-align-center\" style=\"font-size:20px\">Sistemas autom\u00e1ticos e eficientes de rega de excel\u00eancia.<\/p>\n\n<div style=\"height:20px\" aria-hidden=\"true\" class=\"wp-block-spacer\"><\/div><\/div>\n\n<div class=\"wp-block-column is-layout-flow wp-block-column-is-layout-flow\" style=\"padding-right:var(--wp--preset--spacing--30);padding-left:var(--wp--preset--spacing--30)\"><div class=\"wp-block-image icon-style is-style-default wp-duotone-unset-3\"><figure class=\"aligncenter size-full is-resized has-custom-border\"><img loading=\"lazy\" decoding=\"async\" width=\"512\" height=\"512\" src=\"https:\/\/electricidadeaguas.pt\/wp-content\/uploads\/2025\/03\/pngwing.com-5.png\" alt=\"\" class=\"wp-image-105\" style=\"border-radius:0px;width:75px;height:auto\" title=\"\" srcset=\"https:\/\/electricidadeaguas.pt\/wp-content\/uploads\/2025\/03\/pngwing.com-5.png 512w, https:\/\/electricidadeaguas.pt\/wp-content\/uploads\/2025\/03\/pngwing.com-5-300x300.png 300w, https:\/\/electricidadeaguas.pt\/wp-content\/uploads\/2025\/03\/pngwing.com-5-100x100.png 100w, https:\/\/electricidadeaguas.pt\/wp-content\/uploads\/2025\/03\/pngwing.com-5-150x150.png 150w\" sizes=\"auto, (max-width: 512px) 100vw, 512px\" \/><\/figure><\/div>\n\n<div style=\"height:16px\" aria-hidden=\"true\" class=\"wp-block-spacer\"><\/div>\n\n<h3 class=\"wp-block-heading has-text-align-center has-neve-text-color-color has-text-color\">Bombas submers\u00edveis<\/h3>\n\n<p class=\"has-text-align-center\" style=\"font-size:20px\">Solu\u00e7\u00f5es de capta\u00e7\u00e3o e pressuriza\u00e7\u00e3o de \u00e1gua.<\/p>\n\n<div style=\"height:20px\" aria-hidden=\"true\" class=\"wp-block-spacer\"><\/div><\/div><\/div>","protected":false},"excerpt":{"rendered":"<p>Canaliza\u00e7\u00f5es Instala\u00e7\u00e3o e repara\u00e7\u00e3o de redes de \u00e1gua de alta qualidade. Material El\u00e9trico Material el\u00e9trico de qualidade para maior seguran\u00e7a e efic\u00e1cia. Sistemas de rega Sistemas autom\u00e1ticos e eficientes de rega de excel\u00eancia. Bombas submers\u00edveis Solu\u00e7\u00f5es de capta\u00e7\u00e3o e pressuriza\u00e7\u00e3o de \u00e1gua.<\/p>\n","protected":false},"author":1,"featured_media":0,"parent":0,"menu_order":0,"comment_status":"closed","ping_status":"closed","template":"","meta":{"neve_meta_sidebar":"full-width","neve_meta_container":"full-width","neve_meta_enable_content_width":"on","neve_meta_content_width":92,"neve_meta_title_alignment":"left","neve_meta_author_avatar":"","neve_post_elements_order":"","neve_meta_disable_header":"off","neve_meta_disable_footer":"on","neve_meta_disable_title":"on","footnotes":""},"class_list":["post-8","page","type-page","status-publish","hentry"],"jetpack_sharing_enabled":true,"_links":{"self":[{"href":"https:\/\/electricidadeaguas.pt\/index.php?rest_route=\/wp\/v2\/pages\/8","targetHints":{"allow":["GET"]}}],"collection":[{"href":"https:\/\/electricidadeaguas.pt\/index.php?rest_route=\/wp\/v2\/pages"}],"about":[{"href":"https:\/\/electricidadeaguas.pt\/index.php?rest_route=\/wp\/v2\/types\/page"}],"author":[{"embeddable":true,"href":"https:\/\/electricidadeaguas.pt\/index.php?rest_route=\/wp\/v2\/users\/1"}],"replies":[{"embeddable":true,"href":"https:\/\/electricidadeaguas.pt\/index.php?rest_route=%2Fwp%2Fv2%2Fcomments&post=8"}],"version-history":[{"count":64,"href":"https:\/\/electricidadeaguas.pt\/index.php?rest_route=\/wp\/v2\/pages\/8\/revisions"}],"predecessor-version":[{"id":5289,"href":"https:\/\/electricidadeaguas.pt\/index.php?rest_route=\/wp\/v2\/pages\/8\/revisions\/5289"}],"wp:attachment":[{"href":"https:\/\/electricidadeaguas.pt\/index.php?rest_route=%2Fwp%2Fv2%2Fmedia&parent=8"}],"curies":[{"name":"wp","href":"https:\/\/api.w.org\/{rel}","templated":true}]}}