{"id":469,"date":"2025-03-24T11:29:21","date_gmt":"2025-03-24T11:29:21","guid":{"rendered":"https:\/\/electricidadeaguas.pt\/?post_type=product&#038;p=469"},"modified":"2025-03-24T11:29:21","modified_gmt":"2025-03-24T11:29:21","slug":"catalogo-al-geral","status":"publish","type":"product","link":"https:\/\/electricidadeaguas.pt\/?product=catalogo-al-geral","title":{"rendered":"Cat\u00e1logo AL &#8211; Geral"},"content":{"rendered":"<p>O <strong data-start=\"2\" data-end=\"63\">Cat\u00e1logo Geral da AL &#8211; F\u00e1brica de Material El\u00e9trico, S.A.<\/strong> apresenta uma ampla gama de produtos e solu\u00e7\u00f5es para instala\u00e7\u00f5es el\u00e9tricas, incluindo fia\u00e7\u00e3o, cabos, interruptores, lumin\u00e1rias, equipamentos de prote\u00e7\u00e3o e ferramentas, com informa\u00e7\u00f5es t\u00e9cnicas detalhadas e aplica\u00e7\u00f5es para diversos setores.<\/p>\n<p>Explore ao clicar abaixo.<\/p>\n<p><a href=\"http:\/\/electricidadeaguas.pt\/wp-content\/uploads\/2025\/03\/Catalogo-Geral-AL.pdf\">Catalogo-Geral-AL<\/a><\/p>\n","protected":false},"excerpt":{"rendered":"<p>O Cat\u00e1logo Geral da AL &#8211; F\u00e1brica de Material El\u00e9trico, S.A. apresenta uma ampla gama de produtos e solu\u00e7\u00f5es para instala\u00e7\u00f5es el\u00e9tricas, incluindo fia\u00e7\u00e3o, cabos, interruptores, lumin\u00e1rias, equipamentos de prote\u00e7\u00e3o e ferramentas, com informa\u00e7\u00f5es t\u00e9cnicas detalhadas e aplica\u00e7\u00f5es para diversos setores. Explore ao clicar abaixo. Catalogo-Geral-AL<\/p>\n","protected":false},"featured_media":471,"comment_status":"open","ping_status":"closed","template":"","meta":{"neve_meta_sidebar":"","neve_meta_container":"","neve_meta_enable_content_width":"off","neve_meta_content_width":100,"neve_meta_title_alignment":"","neve_meta_author_avatar":"","neve_post_elements_order":"","neve_meta_disable_header":"","neve_meta_disable_footer":"","neve_meta_disable_title":""},"product_brand":[],"product_cat":[19],"product_tag":[],"class_list":{"0":"post-469","1":"product","2":"type-product","3":"status-publish","4":"has-post-thumbnail","6":"product_cat-al","8":"first","9":"instock","10":"virtual","11":"product-type-simple"},"jetpack_sharing_enabled":true,"_links":{"self":[{"href":"https:\/\/electricidadeaguas.pt\/index.php?rest_route=\/wp\/v2\/product\/469","targetHints":{"allow":["GET"]}}],"collection":[{"href":"https:\/\/electricidadeaguas.pt\/index.php?rest_route=\/wp\/v2\/product"}],"about":[{"href":"https:\/\/electricidadeaguas.pt\/index.php?rest_route=\/wp\/v2\/types\/product"}],"replies":[{"embeddable":true,"href":"https:\/\/electricidadeaguas.pt\/index.php?rest_route=%2Fwp%2Fv2%2Fcomments&post=469"}],"wp:featuredmedia":[{"embeddable":true,"href":"https:\/\/electricidadeaguas.pt\/index.php?rest_route=\/wp\/v2\/media\/471"}],"wp:attachment":[{"href":"https:\/\/electricidadeaguas.pt\/index.php?rest_route=%2Fwp%2Fv2%2Fmedia&parent=469"}],"wp:term":[{"taxonomy":"product_brand","embeddable":true,"href":"https:\/\/electricidadeaguas.pt\/index.php?rest_route=%2Fwp%2Fv2%2Fproduct_brand&post=469"},{"taxonomy":"product_cat","embeddable":true,"href":"https:\/\/electricidadeaguas.pt\/index.php?rest_route=%2Fwp%2Fv2%2Fproduct_cat&post=469"},{"taxonomy":"product_tag","embeddable":true,"href":"https:\/\/electricidadeaguas.pt\/index.php?rest_route=%2Fwp%2Fv2%2Fproduct_tag&post=469"}],"curies":[{"name":"wp","href":"https:\/\/api.w.org\/{rel}","templated":true}]}}