{"id":487,"date":"2025-03-24T12:44:57","date_gmt":"2025-03-24T12:44:57","guid":{"rendered":"https:\/\/electricidadeaguas.pt\/?post_type=product&#038;p=487"},"modified":"2025-03-24T12:44:57","modified_gmt":"2025-03-24T12:44:57","slug":"catalogo-cabelte-cables-conductors-wires","status":"publish","type":"product","link":"https:\/\/electricidadeaguas.pt\/?product=catalogo-cabelte-cables-conductors-wires","title":{"rendered":"Cat\u00e1logo CABELTE &#8211;  CABLES, CONDUCTORS &#038; WIRES"},"content":{"rendered":"<p>O <strong>Cat\u00e1logo CABELTE &#8211; Cables, Conductors &amp; Wires<\/strong> apresenta uma vasta gama de <strong>cabos el\u00e9tricos e de telecomunica\u00e7\u00f5es<\/strong>, incluindo solu\u00e7\u00f5es para <strong>baixa, m\u00e9dia e alta tens\u00e3o<\/strong>, fibra \u00f3ptica, redes industriais e aplica\u00e7\u00f5es especiais, garantindo <strong>qualidade, seguran\u00e7a e inova\u00e7\u00e3o<\/strong> para diversos setores.<\/p>\n<p>Explore mais ao clicar abaixo.<\/p>\n<p><a href=\"https:\/\/electrosiluz.pt\/wp-content\/uploads\/2024\/04\/Catalogo-Geral-Cabelte.pdf\">Cat\u00e1logo CABELTE &#8211; CABLES, CONDUCTORS &amp; WIRES<\/a><\/p>\n","protected":false},"excerpt":{"rendered":"<p>O Cat\u00e1logo CABELTE &#8211; Cables, Conductors &amp; Wires apresenta uma vasta gama de cabos el\u00e9tricos e de telecomunica\u00e7\u00f5es, incluindo solu\u00e7\u00f5es para baixa, m\u00e9dia e alta tens\u00e3o, fibra \u00f3ptica, redes industriais e aplica\u00e7\u00f5es especiais, garantindo qualidade, seguran\u00e7a e inova\u00e7\u00e3o para diversos setores. Explore mais ao clicar abaixo. Cat\u00e1logo CABELTE &#8211; CABLES, CONDUCTORS &amp; WIRES<\/p>\n","protected":false},"featured_media":488,"comment_status":"open","ping_status":"closed","template":"","meta":{"neve_meta_sidebar":"","neve_meta_container":"","neve_meta_enable_content_width":"off","neve_meta_content_width":100,"neve_meta_title_alignment":"","neve_meta_author_avatar":"","neve_post_elements_order":"","neve_meta_disable_header":"","neve_meta_disable_footer":"","neve_meta_disable_title":""},"product_brand":[],"product_cat":[22],"product_tag":[],"class_list":{"0":"post-487","1":"product","2":"type-product","3":"status-publish","4":"has-post-thumbnail","6":"product_cat-cabelte","8":"first","9":"instock","10":"virtual","11":"product-type-simple"},"jetpack_sharing_enabled":true,"_links":{"self":[{"href":"https:\/\/electricidadeaguas.pt\/index.php?rest_route=\/wp\/v2\/product\/487","targetHints":{"allow":["GET"]}}],"collection":[{"href":"https:\/\/electricidadeaguas.pt\/index.php?rest_route=\/wp\/v2\/product"}],"about":[{"href":"https:\/\/electricidadeaguas.pt\/index.php?rest_route=\/wp\/v2\/types\/product"}],"replies":[{"embeddable":true,"href":"https:\/\/electricidadeaguas.pt\/index.php?rest_route=%2Fwp%2Fv2%2Fcomments&post=487"}],"wp:featuredmedia":[{"embeddable":true,"href":"https:\/\/electricidadeaguas.pt\/index.php?rest_route=\/wp\/v2\/media\/488"}],"wp:attachment":[{"href":"https:\/\/electricidadeaguas.pt\/index.php?rest_route=%2Fwp%2Fv2%2Fmedia&parent=487"}],"wp:term":[{"taxonomy":"product_brand","embeddable":true,"href":"https:\/\/electricidadeaguas.pt\/index.php?rest_route=%2Fwp%2Fv2%2Fproduct_brand&post=487"},{"taxonomy":"product_cat","embeddable":true,"href":"https:\/\/electricidadeaguas.pt\/index.php?rest_route=%2Fwp%2Fv2%2Fproduct_cat&post=487"},{"taxonomy":"product_tag","embeddable":true,"href":"https:\/\/electricidadeaguas.pt\/index.php?rest_route=%2Fwp%2Fv2%2Fproduct_tag&post=487"}],"curies":[{"name":"wp","href":"https:\/\/api.w.org\/{rel}","templated":true}]}}