{"id":531,"date":"2025-03-24T16:16:44","date_gmt":"2025-03-24T16:16:44","guid":{"rendered":"https:\/\/electricidadeaguas.pt\/?post_type=product&#038;p=531"},"modified":"2025-03-24T16:16:44","modified_gmt":"2025-03-24T16:16:44","slug":"catalogo-efapel-quadros-eletricos","status":"publish","type":"product","link":"https:\/\/electricidadeaguas.pt\/?product=catalogo-efapel-quadros-eletricos","title":{"rendered":"Cat\u00e1logo Efapel &#8211; Quadros El\u00e9tricos"},"content":{"rendered":"<p class=\"\" data-start=\"194\" data-end=\"572\">Os <strong data-start=\"197\" data-end=\"225\">Quadros El\u00e9tricos Efapel<\/strong> s\u00e3o a base da seguran\u00e7a e efici\u00eancia de qualquer instala\u00e7\u00e3o el\u00e9trica, oferecendo uma gest\u00e3o centralizada e confi\u00e1vel da distribui\u00e7\u00e3o de energia. Com design moderno e tecnologia de ponta, esta gama garante prote\u00e7\u00e3o contra sobrecargas, curtos-circuitos e falhas el\u00e9tricas, assegurando o bom funcionamento de todos os dispositivos da sua instala\u00e7\u00e3o.<\/p>\n<p class=\"\" data-start=\"574\" data-end=\"806\">Ideal para resid\u00eancias, escrit\u00f3rios ou espa\u00e7os comerciais, os <strong data-start=\"636\" data-end=\"664\">Quadros El\u00e9tricos Efapel<\/strong> combinam funcionalidade e seguran\u00e7a, com solu\u00e7\u00f5es que se adaptam a diferentes tipos de necessidades e configura\u00e7\u00f5es de instala\u00e7\u00f5es el\u00e9tricas.<\/p>\n<p data-start=\"574\" data-end=\"806\">Explore mais ao clicar abaixo.<\/p>\n<p data-start=\"574\" data-end=\"806\"><a href=\"http:\/\/electricidadeaguas.pt\/wp-content\/uploads\/2025\/03\/Catalogo-Geral-QUADROS-ELETRICOS-EFAPEL.pdf\">Catalogo-Geral-QUADROS-ELETRICOS-EFAPEL<\/a><\/p>\n","protected":false},"excerpt":{"rendered":"<p>Os Quadros El\u00e9tricos Efapel s\u00e3o a base da seguran\u00e7a e efici\u00eancia de qualquer instala\u00e7\u00e3o el\u00e9trica, oferecendo uma gest\u00e3o centralizada e confi\u00e1vel da distribui\u00e7\u00e3o de energia. Com design moderno e tecnologia de ponta, esta gama garante prote\u00e7\u00e3o contra sobrecargas, curtos-circuitos e falhas el\u00e9tricas, assegurando o bom funcionamento de todos os dispositivos da sua instala\u00e7\u00e3o. Ideal para&hellip;&nbsp;<a href=\"https:\/\/electricidadeaguas.pt\/?product=catalogo-efapel-quadros-eletricos\" rel=\"bookmark\">Ler mais &raquo;<span class=\"screen-reader-text\">Cat\u00e1logo Efapel &#8211; Quadros El\u00e9tricos<\/span><\/a><\/p>\n","protected":false},"featured_media":533,"comment_status":"open","ping_status":"closed","template":"","meta":{"neve_meta_sidebar":"","neve_meta_container":"","neve_meta_enable_content_width":"off","neve_meta_content_width":100,"neve_meta_title_alignment":"","neve_meta_author_avatar":"","neve_post_elements_order":"","neve_meta_disable_header":"","neve_meta_disable_footer":"","neve_meta_disable_title":""},"product_brand":[],"product_cat":[25],"product_tag":[],"class_list":{"0":"post-531","1":"product","2":"type-product","3":"status-publish","4":"has-post-thumbnail","6":"product_cat-efapel","8":"first","9":"instock","10":"virtual","11":"product-type-simple"},"jetpack_sharing_enabled":true,"_links":{"self":[{"href":"https:\/\/electricidadeaguas.pt\/index.php?rest_route=\/wp\/v2\/product\/531","targetHints":{"allow":["GET"]}}],"collection":[{"href":"https:\/\/electricidadeaguas.pt\/index.php?rest_route=\/wp\/v2\/product"}],"about":[{"href":"https:\/\/electricidadeaguas.pt\/index.php?rest_route=\/wp\/v2\/types\/product"}],"replies":[{"embeddable":true,"href":"https:\/\/electricidadeaguas.pt\/index.php?rest_route=%2Fwp%2Fv2%2Fcomments&post=531"}],"wp:featuredmedia":[{"embeddable":true,"href":"https:\/\/electricidadeaguas.pt\/index.php?rest_route=\/wp\/v2\/media\/533"}],"wp:attachment":[{"href":"https:\/\/electricidadeaguas.pt\/index.php?rest_route=%2Fwp%2Fv2%2Fmedia&parent=531"}],"wp:term":[{"taxonomy":"product_brand","embeddable":true,"href":"https:\/\/electricidadeaguas.pt\/index.php?rest_route=%2Fwp%2Fv2%2Fproduct_brand&post=531"},{"taxonomy":"product_cat","embeddable":true,"href":"https:\/\/electricidadeaguas.pt\/index.php?rest_route=%2Fwp%2Fv2%2Fproduct_cat&post=531"},{"taxonomy":"product_tag","embeddable":true,"href":"https:\/\/electricidadeaguas.pt\/index.php?rest_route=%2Fwp%2Fv2%2Fproduct_tag&post=531"}],"curies":[{"name":"wp","href":"https:\/\/api.w.org\/{rel}","templated":true}]}}