{"id":534,"date":"2025-03-24T16:20:38","date_gmt":"2025-03-24T16:20:38","guid":{"rendered":"https:\/\/electricidadeaguas.pt\/?post_type=product&#038;p=534"},"modified":"2025-03-24T16:20:38","modified_gmt":"2025-03-24T16:20:38","slug":"catalogo-efapel-burotica","status":"publish","type":"product","link":"https:\/\/electricidadeaguas.pt\/?product=catalogo-efapel-burotica","title":{"rendered":"Cat\u00e1logo Efapel &#8211; Burotica"},"content":{"rendered":"<p class=\"\" data-start=\"169\" data-end=\"512\">A linha <strong data-start=\"177\" data-end=\"196\">Burotica Efapel<\/strong> oferece solu\u00e7\u00f5es pr\u00e1ticas e eficientes para criar um ambiente de trabalho mais organizado e produtivo. Com uma gama completa de produtos pensados para escrit\u00f3rios e espa\u00e7os comerciais, a <strong data-start=\"384\" data-end=\"403\">Burotica Efapel<\/strong> combina qualidade, durabilidade e design moderno para atender \u00e0s necessidades do seu dia a dia profissional.<\/p>\n<p class=\"\" data-start=\"514\" data-end=\"844\">Combinando funcionalidade e est\u00e9tica, os produtos desta linha s\u00e3o ideais para otimizar a organiza\u00e7\u00e3o de cabos, redes e equipamentos de escrit\u00f3rio, criando um ambiente mais limpo, seguro e eficiente. A <strong data-start=\"715\" data-end=\"734\">Burotica Efapel<\/strong> \u00e9 perfeita para quem busca solu\u00e7\u00f5es pr\u00e1ticas e de qualidade para melhorar a gest\u00e3o do seu espa\u00e7o de trabalho.<\/p>\n<p data-start=\"514\" data-end=\"844\">Explore mais ao clicar abaixo.<\/p>\n<p data-start=\"514\" data-end=\"844\"><a href=\"http:\/\/electricidadeaguas.pt\/wp-content\/uploads\/2025\/03\/Catalogo-Burotica.pdf\">Catalogo-Burotica<\/a><\/p>\n","protected":false},"excerpt":{"rendered":"<p>A linha Burotica Efapel oferece solu\u00e7\u00f5es pr\u00e1ticas e eficientes para criar um ambiente de trabalho mais organizado e produtivo. Com uma gama completa de produtos pensados para escrit\u00f3rios e espa\u00e7os comerciais, a Burotica Efapel combina qualidade, durabilidade e design moderno para atender \u00e0s necessidades do seu dia a dia profissional. Combinando funcionalidade e est\u00e9tica, os&hellip;&nbsp;<a href=\"https:\/\/electricidadeaguas.pt\/?product=catalogo-efapel-burotica\" rel=\"bookmark\">Ler mais &raquo;<span class=\"screen-reader-text\">Cat\u00e1logo Efapel &#8211; Burotica<\/span><\/a><\/p>\n","protected":false},"featured_media":536,"comment_status":"open","ping_status":"closed","template":"","meta":{"neve_meta_sidebar":"","neve_meta_container":"","neve_meta_enable_content_width":"off","neve_meta_content_width":100,"neve_meta_title_alignment":"","neve_meta_author_avatar":"","neve_post_elements_order":"","neve_meta_disable_header":"","neve_meta_disable_footer":"","neve_meta_disable_title":""},"product_brand":[],"product_cat":[25],"product_tag":[],"class_list":{"0":"post-534","1":"product","2":"type-product","3":"status-publish","4":"has-post-thumbnail","6":"product_cat-efapel","8":"first","9":"instock","10":"virtual","11":"product-type-simple"},"jetpack_sharing_enabled":true,"_links":{"self":[{"href":"https:\/\/electricidadeaguas.pt\/index.php?rest_route=\/wp\/v2\/product\/534","targetHints":{"allow":["GET"]}}],"collection":[{"href":"https:\/\/electricidadeaguas.pt\/index.php?rest_route=\/wp\/v2\/product"}],"about":[{"href":"https:\/\/electricidadeaguas.pt\/index.php?rest_route=\/wp\/v2\/types\/product"}],"replies":[{"embeddable":true,"href":"https:\/\/electricidadeaguas.pt\/index.php?rest_route=%2Fwp%2Fv2%2Fcomments&post=534"}],"wp:featuredmedia":[{"embeddable":true,"href":"https:\/\/electricidadeaguas.pt\/index.php?rest_route=\/wp\/v2\/media\/536"}],"wp:attachment":[{"href":"https:\/\/electricidadeaguas.pt\/index.php?rest_route=%2Fwp%2Fv2%2Fmedia&parent=534"}],"wp:term":[{"taxonomy":"product_brand","embeddable":true,"href":"https:\/\/electricidadeaguas.pt\/index.php?rest_route=%2Fwp%2Fv2%2Fproduct_brand&post=534"},{"taxonomy":"product_cat","embeddable":true,"href":"https:\/\/electricidadeaguas.pt\/index.php?rest_route=%2Fwp%2Fv2%2Fproduct_cat&post=534"},{"taxonomy":"product_tag","embeddable":true,"href":"https:\/\/electricidadeaguas.pt\/index.php?rest_route=%2Fwp%2Fv2%2Fproduct_tag&post=534"}],"curies":[{"name":"wp","href":"https:\/\/api.w.org\/{rel}","templated":true}]}}