{"id":587,"date":"2025-03-25T09:42:34","date_gmt":"2025-03-25T09:42:34","guid":{"rendered":"https:\/\/electricidadeaguas.pt\/?post_type=product&#038;p=587"},"modified":"2025-03-25T09:42:34","modified_gmt":"2025-03-25T09:42:34","slug":"catalogo-finder-guia-de-escolha","status":"publish","type":"product","link":"https:\/\/electricidadeaguas.pt\/?product=catalogo-finder-guia-de-escolha","title":{"rendered":"Cat\u00e1logo Finder &#8211; Guia de Escolha"},"content":{"rendered":"<p class=\"\" data-start=\"102\" data-end=\"507\">O <strong data-start=\"104\" data-end=\"123\">Guia de Escolha<\/strong> da <strong data-start=\"127\" data-end=\"137\">Finder<\/strong> \u00e9 uma ferramenta essencial para ajudar os profissionais a selecionar as solu\u00e7\u00f5es ideais de automa\u00e7\u00e3o e controlo para as suas instala\u00e7\u00f5es el\u00e9tricas. Este guia facilita a escolha entre as diversas op\u00e7\u00f5es de produtos da Finder, proporcionando uma vis\u00e3o clara das caracter\u00edsticas e especifica\u00e7\u00f5es de cada item, bem como as suas aplica\u00e7\u00f5es em diferentes ambientes e setores.<\/p>\n<p class=\"\" data-start=\"509\" data-end=\"1003\">Com uma apresenta\u00e7\u00e3o detalhada das gamas de rel\u00e9s, temporizadores, sensores, interfaces de comunica\u00e7\u00e3o, e outros componentes, o <strong data-start=\"637\" data-end=\"656\">Guia de Escolha<\/strong> permite que os utilizadores fa\u00e7am escolhas informadas, assegurando a compatibilidade e a efici\u00eancia das solu\u00e7\u00f5es para as suas necessidades espec\u00edficas. A Finder torna o processo de sele\u00e7\u00e3o mais simples, com um conte\u00fado t\u00e9cnico acess\u00edvel, ideal tanto para profissionais experientes quanto para aqueles que est\u00e3o a iniciar-se no setor da automa\u00e7\u00e3o.<\/p>\n<p class=\"\" data-start=\"1005\" data-end=\"1194\">Este guia \u00e9 uma excelente ferramenta para garantir a qualidade e o desempenho ideais em qualquer projeto el\u00e9trico, com produtos que atendem aos mais altos padr\u00f5es de fiabilidade e inova\u00e7\u00e3o.<\/p>\n<p data-start=\"1005\" data-end=\"1194\">Explore mais ao clicar abaixo.<\/p>\n<p data-start=\"1005\" data-end=\"1194\"><a href=\"http:\/\/electricidadeaguas.pt\/wp-content\/uploads\/2025\/03\/finder-yesly-guia-de-escolha.pdf\">finder-yesly-guia-de-escolha<\/a><\/p>\n","protected":false},"excerpt":{"rendered":"<p>O Guia de Escolha da Finder \u00e9 uma ferramenta essencial para ajudar os profissionais a selecionar as solu\u00e7\u00f5es ideais de automa\u00e7\u00e3o e controlo para as suas instala\u00e7\u00f5es el\u00e9tricas. Este guia facilita a escolha entre as diversas op\u00e7\u00f5es de produtos da Finder, proporcionando uma vis\u00e3o clara das caracter\u00edsticas e especifica\u00e7\u00f5es de cada item, bem como as&hellip;&nbsp;<a href=\"https:\/\/electricidadeaguas.pt\/?product=catalogo-finder-guia-de-escolha\" rel=\"bookmark\">Ler mais &raquo;<span class=\"screen-reader-text\">Cat\u00e1logo Finder &#8211; Guia de Escolha<\/span><\/a><\/p>\n","protected":false},"featured_media":590,"comment_status":"open","ping_status":"closed","template":"","meta":{"neve_meta_sidebar":"","neve_meta_container":"","neve_meta_enable_content_width":"off","neve_meta_content_width":100,"neve_meta_title_alignment":"","neve_meta_author_avatar":"","neve_post_elements_order":"","neve_meta_disable_header":"","neve_meta_disable_footer":"","neve_meta_disable_title":""},"product_brand":[],"product_cat":[28],"product_tag":[],"class_list":{"0":"post-587","1":"product","2":"type-product","3":"status-publish","4":"has-post-thumbnail","6":"product_cat-finder","8":"first","9":"instock","10":"virtual","11":"product-type-simple"},"jetpack_sharing_enabled":true,"_links":{"self":[{"href":"https:\/\/electricidadeaguas.pt\/index.php?rest_route=\/wp\/v2\/product\/587","targetHints":{"allow":["GET"]}}],"collection":[{"href":"https:\/\/electricidadeaguas.pt\/index.php?rest_route=\/wp\/v2\/product"}],"about":[{"href":"https:\/\/electricidadeaguas.pt\/index.php?rest_route=\/wp\/v2\/types\/product"}],"replies":[{"embeddable":true,"href":"https:\/\/electricidadeaguas.pt\/index.php?rest_route=%2Fwp%2Fv2%2Fcomments&post=587"}],"wp:featuredmedia":[{"embeddable":true,"href":"https:\/\/electricidadeaguas.pt\/index.php?rest_route=\/wp\/v2\/media\/590"}],"wp:attachment":[{"href":"https:\/\/electricidadeaguas.pt\/index.php?rest_route=%2Fwp%2Fv2%2Fmedia&parent=587"}],"wp:term":[{"taxonomy":"product_brand","embeddable":true,"href":"https:\/\/electricidadeaguas.pt\/index.php?rest_route=%2Fwp%2Fv2%2Fproduct_brand&post=587"},{"taxonomy":"product_cat","embeddable":true,"href":"https:\/\/electricidadeaguas.pt\/index.php?rest_route=%2Fwp%2Fv2%2Fproduct_cat&post=587"},{"taxonomy":"product_tag","embeddable":true,"href":"https:\/\/electricidadeaguas.pt\/index.php?rest_route=%2Fwp%2Fv2%2Fproduct_tag&post=587"}],"curies":[{"name":"wp","href":"https:\/\/api.w.org\/{rel}","templated":true}]}}