{"id":591,"date":"2025-03-25T09:46:13","date_gmt":"2025-03-25T09:46:13","guid":{"rendered":"https:\/\/electricidadeaguas.pt\/?post_type=product&#038;p=591"},"modified":"2025-03-25T09:46:14","modified_gmt":"2025-03-25T09:46:14","slug":"catalogo-finder-regulacao-termica-industrial-e-iluminacao","status":"publish","type":"product","link":"https:\/\/electricidadeaguas.pt\/?product=catalogo-finder-regulacao-termica-industrial-e-iluminacao","title":{"rendered":"Cat\u00e1logo Finder &#8211; Regula\u00e7\u00e3o t\u00e9rmica industrial e ilumina\u00e7\u00e3o"},"content":{"rendered":"<p class=\"\" data-start=\"169\" data-end=\"600\">A <strong data-start=\"171\" data-end=\"181\">Finder<\/strong> oferece solu\u00e7\u00f5es avan\u00e7adas para <strong data-start=\"214\" data-end=\"246\">regula\u00e7\u00e3o t\u00e9rmica industrial<\/strong> e <strong data-start=\"249\" data-end=\"275\">sistemas de ilumina\u00e7\u00e3o<\/strong>, desenvolvidas para garantir efici\u00eancia, seguran\u00e7a e controlo em diversos tipos de instala\u00e7\u00f5es. Os produtos desta linha s\u00e3o ideais para ambientes industriais, comerciais e residenciais, proporcionando uma gest\u00e3o eficiente da temperatura e da ilumina\u00e7\u00e3o, com um foco claro na sustentabilidade e redu\u00e7\u00e3o de consumo energ\u00e9tico.<\/p>\n<p class=\"\" data-start=\"602\" data-end=\"1014\">Na <strong data-start=\"605\" data-end=\"637\">regula\u00e7\u00e3o t\u00e9rmica industrial<\/strong>, a <strong data-start=\"641\" data-end=\"651\">Finder<\/strong> disponibiliza termostatos, sensores e sistemas de controlo capazes de monitorizar e ajustar a temperatura de equipamentos e instala\u00e7\u00f5es, garantindo a opera\u00e7\u00e3o segura e otimizada de m\u00e1quinas e processos industriais. Estes dispositivos oferecem alta precis\u00e3o e fiabilidade, contribuindo para a redu\u00e7\u00e3o de custos operacionais e a melhoria das condi\u00e7\u00f5es de trabalho.<\/p>\n<p class=\"\" data-start=\"1016\" data-end=\"1415\">Em <strong data-start=\"1019\" data-end=\"1045\">sistemas de ilumina\u00e7\u00e3o<\/strong>, a <strong data-start=\"1049\" data-end=\"1059\">Finder<\/strong> apresenta solu\u00e7\u00f5es que permitem o controlo eficiente da ilumina\u00e7\u00e3o em diferentes tipos de instala\u00e7\u00f5es. Desde controladores de luz e sensores de presen\u00e7a at\u00e9 dimmers e temporizadores, os produtos da <strong data-start=\"1258\" data-end=\"1268\">Finder<\/strong> s\u00e3o projetados para proporcionar uma gest\u00e3o inteligente da ilumina\u00e7\u00e3o, promovendo uma melhor utiliza\u00e7\u00e3o da energia e um ambiente mais sustent\u00e1vel.<\/p>\n<p data-start=\"1016\" data-end=\"1415\">Explore mais ao clicar abaixo.<\/p>\n<p data-start=\"1016\" data-end=\"1415\"><a href=\"http:\/\/electricidadeaguas.pt\/wp-content\/uploads\/2025\/03\/guia-de-escolha.pdf\">guia-de-escolha<\/a><\/p>\n","protected":false},"excerpt":{"rendered":"<p>A Finder oferece solu\u00e7\u00f5es avan\u00e7adas para regula\u00e7\u00e3o t\u00e9rmica industrial e sistemas de ilumina\u00e7\u00e3o, desenvolvidas para garantir efici\u00eancia, seguran\u00e7a e controlo em diversos tipos de instala\u00e7\u00f5es. Os produtos desta linha s\u00e3o ideais para ambientes industriais, comerciais e residenciais, proporcionando uma gest\u00e3o eficiente da temperatura e da ilumina\u00e7\u00e3o, com um foco claro na sustentabilidade e redu\u00e7\u00e3o de&hellip;&nbsp;<a href=\"https:\/\/electricidadeaguas.pt\/?product=catalogo-finder-regulacao-termica-industrial-e-iluminacao\" rel=\"bookmark\">Ler mais &raquo;<span class=\"screen-reader-text\">Cat\u00e1logo Finder &#8211; Regula\u00e7\u00e3o t\u00e9rmica industrial e ilumina\u00e7\u00e3o<\/span><\/a><\/p>\n","protected":false},"featured_media":593,"comment_status":"open","ping_status":"closed","template":"","meta":{"neve_meta_sidebar":"","neve_meta_container":"","neve_meta_enable_content_width":"off","neve_meta_content_width":100,"neve_meta_title_alignment":"","neve_meta_author_avatar":"","neve_post_elements_order":"","neve_meta_disable_header":"","neve_meta_disable_footer":"","neve_meta_disable_title":""},"product_brand":[],"product_cat":[28],"product_tag":[],"class_list":{"0":"post-591","1":"product","2":"type-product","3":"status-publish","4":"has-post-thumbnail","6":"product_cat-finder","8":"first","9":"instock","10":"virtual","11":"product-type-simple"},"jetpack_sharing_enabled":true,"_links":{"self":[{"href":"https:\/\/electricidadeaguas.pt\/index.php?rest_route=\/wp\/v2\/product\/591","targetHints":{"allow":["GET"]}}],"collection":[{"href":"https:\/\/electricidadeaguas.pt\/index.php?rest_route=\/wp\/v2\/product"}],"about":[{"href":"https:\/\/electricidadeaguas.pt\/index.php?rest_route=\/wp\/v2\/types\/product"}],"replies":[{"embeddable":true,"href":"https:\/\/electricidadeaguas.pt\/index.php?rest_route=%2Fwp%2Fv2%2Fcomments&post=591"}],"wp:featuredmedia":[{"embeddable":true,"href":"https:\/\/electricidadeaguas.pt\/index.php?rest_route=\/wp\/v2\/media\/593"}],"wp:attachment":[{"href":"https:\/\/electricidadeaguas.pt\/index.php?rest_route=%2Fwp%2Fv2%2Fmedia&parent=591"}],"wp:term":[{"taxonomy":"product_brand","embeddable":true,"href":"https:\/\/electricidadeaguas.pt\/index.php?rest_route=%2Fwp%2Fv2%2Fproduct_brand&post=591"},{"taxonomy":"product_cat","embeddable":true,"href":"https:\/\/electricidadeaguas.pt\/index.php?rest_route=%2Fwp%2Fv2%2Fproduct_cat&post=591"},{"taxonomy":"product_tag","embeddable":true,"href":"https:\/\/electricidadeaguas.pt\/index.php?rest_route=%2Fwp%2Fv2%2Fproduct_tag&post=591"}],"curies":[{"name":"wp","href":"https:\/\/api.w.org\/{rel}","templated":true}]}}