{"id":598,"date":"2025-03-25T10:25:20","date_gmt":"2025-03-25T10:25:20","guid":{"rendered":"https:\/\/electricidadeaguas.pt\/?post_type=product&#038;p=598"},"modified":"2025-03-25T10:25:20","modified_gmt":"2025-03-25T10:25:20","slug":"catalogo-giatsu-profissional","status":"publish","type":"product","link":"https:\/\/electricidadeaguas.pt\/?product=catalogo-giatsu-profissional","title":{"rendered":"Cat\u00e1logo Giatsu &#8211; Profissional"},"content":{"rendered":"<p class=\"\" data-start=\"109\" data-end=\"487\">O <strong data-start=\"111\" data-end=\"145\">Cat\u00e1logo Giatsu &#8211; Profissional<\/strong> apresenta uma linha de solu\u00e7\u00f5es avan\u00e7adas de climatiza\u00e7\u00e3o e aquecimento, ideais para ambientes comerciais e industriais. A <strong data-start=\"269\" data-end=\"279\">Giatsu<\/strong> oferece sistemas de ar condicionado e aquecedores de alto desempenho, projetados para atender \u00e0s exigentes necessidades dos espa\u00e7os profissionais, como escrit\u00f3rios, lojas, restaurantes e grandes instala\u00e7\u00f5es.<\/p>\n<p class=\"\" data-start=\"489\" data-end=\"1031\">Com tecnologia de ponta, os produtos <strong data-start=\"526\" data-end=\"536\">Giatsu<\/strong> garantem conforto t\u00e9rmico eficiente, com sistemas de f\u00e1cil instala\u00e7\u00e3o, opera\u00e7\u00e3o silenciosa e controle preciso de temperatura. A marca destaca-se pelo compromisso com a sustentabilidade e efici\u00eancia energ\u00e9tica, oferecendo solu\u00e7\u00f5es que minimizam o impacto ambiental e reduzem os custos operacionais. Al\u00e9m disso, a <strong data-start=\"849\" data-end=\"859\">Giatsu<\/strong> \u00e9 conhecida pela sua durabilidade e robustez, tornando-se a escolha confi\u00e1vel para quem busca solu\u00e7\u00f5es de climatiza\u00e7\u00e3o que atendem \u00e0s necessidades do mercado profissional.<\/p>\n<p data-start=\"489\" data-end=\"1031\">Explore mais ao clicar abaixo.<\/p>\n<p data-start=\"489\" data-end=\"1031\"><a href=\"https:\/\/electrosiluz.pt\/wp-content\/uploads\/2024\/06\/Catalogo-Geral-Profesional_GIATSU_2024.pdf\">Cat\u00e1logo giatsu &#8211; Profissinal<\/a><\/p>\n","protected":false},"excerpt":{"rendered":"<p>O Cat\u00e1logo Giatsu &#8211; Profissional apresenta uma linha de solu\u00e7\u00f5es avan\u00e7adas de climatiza\u00e7\u00e3o e aquecimento, ideais para ambientes comerciais e industriais. A Giatsu oferece sistemas de ar condicionado e aquecedores de alto desempenho, projetados para atender \u00e0s exigentes necessidades dos espa\u00e7os profissionais, como escrit\u00f3rios, lojas, restaurantes e grandes instala\u00e7\u00f5es. Com tecnologia de ponta, os produtos&hellip;&nbsp;<a href=\"https:\/\/electricidadeaguas.pt\/?product=catalogo-giatsu-profissional\" rel=\"bookmark\">Ler mais &raquo;<span class=\"screen-reader-text\">Cat\u00e1logo Giatsu &#8211; Profissional<\/span><\/a><\/p>\n","protected":false},"featured_media":599,"comment_status":"open","ping_status":"closed","template":"","meta":{"neve_meta_sidebar":"","neve_meta_container":"","neve_meta_enable_content_width":"off","neve_meta_content_width":100,"neve_meta_title_alignment":"","neve_meta_author_avatar":"","neve_post_elements_order":"","neve_meta_disable_header":"","neve_meta_disable_footer":"","neve_meta_disable_title":""},"product_brand":[],"product_cat":[29],"product_tag":[],"class_list":{"0":"post-598","1":"product","2":"type-product","3":"status-publish","4":"has-post-thumbnail","6":"product_cat-giatsu","8":"first","9":"instock","10":"virtual","11":"product-type-simple"},"jetpack_sharing_enabled":true,"_links":{"self":[{"href":"https:\/\/electricidadeaguas.pt\/index.php?rest_route=\/wp\/v2\/product\/598","targetHints":{"allow":["GET"]}}],"collection":[{"href":"https:\/\/electricidadeaguas.pt\/index.php?rest_route=\/wp\/v2\/product"}],"about":[{"href":"https:\/\/electricidadeaguas.pt\/index.php?rest_route=\/wp\/v2\/types\/product"}],"replies":[{"embeddable":true,"href":"https:\/\/electricidadeaguas.pt\/index.php?rest_route=%2Fwp%2Fv2%2Fcomments&post=598"}],"wp:featuredmedia":[{"embeddable":true,"href":"https:\/\/electricidadeaguas.pt\/index.php?rest_route=\/wp\/v2\/media\/599"}],"wp:attachment":[{"href":"https:\/\/electricidadeaguas.pt\/index.php?rest_route=%2Fwp%2Fv2%2Fmedia&parent=598"}],"wp:term":[{"taxonomy":"product_brand","embeddable":true,"href":"https:\/\/electricidadeaguas.pt\/index.php?rest_route=%2Fwp%2Fv2%2Fproduct_brand&post=598"},{"taxonomy":"product_cat","embeddable":true,"href":"https:\/\/electricidadeaguas.pt\/index.php?rest_route=%2Fwp%2Fv2%2Fproduct_cat&post=598"},{"taxonomy":"product_tag","embeddable":true,"href":"https:\/\/electricidadeaguas.pt\/index.php?rest_route=%2Fwp%2Fv2%2Fproduct_tag&post=598"}],"curies":[{"name":"wp","href":"https:\/\/api.w.org\/{rel}","templated":true}]}}