{"id":620,"date":"2025-03-25T11:27:51","date_gmt":"2025-03-25T11:27:51","guid":{"rendered":"https:\/\/electricidadeaguas.pt\/?post_type=product&#038;p=620"},"modified":"2025-03-25T11:27:51","modified_gmt":"2025-03-25T11:27:51","slug":"catalogo-legrand-solucoes-integrais-para-mobiliario","status":"publish","type":"product","link":"https:\/\/electricidadeaguas.pt\/?product=catalogo-legrand-solucoes-integrais-para-mobiliario","title":{"rendered":"Cat\u00e1logo Legrand &#8211; Solu\u00e7\u00f5es integrais para mobili\u00e1rio"},"content":{"rendered":"<p class=\"\" data-start=\"143\" data-end=\"552\">A <strong data-start=\"145\" data-end=\"156\">Legrand<\/strong> apresenta solu\u00e7\u00f5es inovadoras e pr\u00e1ticas para integrar a <strong data-start=\"214\" data-end=\"243\">tecnologia e eletricidade<\/strong> ao mobili\u00e1rio de forma elegante e funcional. Com uma vasta gama de produtos, a <strong data-start=\"323\" data-end=\"334\">Legrand<\/strong> oferece sistemas e dispositivos que permitem a instala\u00e7\u00e3o de tomadas, sistemas de ilumina\u00e7\u00e3o, pontos de carregamento e conectividade diretamente nos m\u00f3veis, criando ambientes mais eficientes, modernos e bem equipados.<\/p>\n<p class=\"\" data-start=\"554\" data-end=\"1093\">As solu\u00e7\u00f5es integrais para mobili\u00e1rio da <strong data-start=\"595\" data-end=\"606\">Legrand<\/strong> s\u00e3o ideais para <strong data-start=\"623\" data-end=\"638\">escrit\u00f3rios<\/strong>, <strong data-start=\"640\" data-end=\"662\">espa\u00e7os comerciais<\/strong> e <strong data-start=\"665\" data-end=\"691\">ambientes residenciais<\/strong>, proporcionando uma integra\u00e7\u00e3o perfeita de sistemas el\u00e9tricos e digitais, sem comprometer o design e a est\u00e9tica. As gamas de produtos incluem tomadas embutidas, sistemas de alimenta\u00e7\u00e3o el\u00e9trica para mesas de trabalho, pontos de carregamento USB, conectores de rede e solu\u00e7\u00f5es para ilumina\u00e7\u00e3o inteligente, permitindo que os espa\u00e7os sejam mais organizados e adaptados \u00e0s necessidades de cada utilizador.<\/p>\n<p class=\"\" data-start=\"1095\" data-end=\"1351\">Al\u00e9m disso, as solu\u00e7\u00f5es da <strong data-start=\"1122\" data-end=\"1133\">Legrand<\/strong> s\u00e3o projetadas com um foco na <strong data-start=\"1164\" data-end=\"1184\">sustentabilidade<\/strong> e na <strong data-start=\"1190\" data-end=\"1215\">efici\u00eancia energ\u00e9tica<\/strong>, oferecendo alternativas de baixo consumo e f\u00e1cil manuten\u00e7\u00e3o, ajudando na cria\u00e7\u00e3o de ambientes mais seguros, confort\u00e1veis e conectados.<\/p>\n<p data-start=\"1095\" data-end=\"1351\">Descubra mais ao clicar abaixo.<\/p>\n<p data-start=\"1095\" data-end=\"1351\"><a href=\"http:\/\/electricidadeaguas.pt\/wp-content\/uploads\/2025\/03\/Catalogo-Incara-Schuko_compressed.pdf\">Catalogo-Incara-Schuko_compressed<\/a><\/p>\n","protected":false},"excerpt":{"rendered":"<p>A Legrand apresenta solu\u00e7\u00f5es inovadoras e pr\u00e1ticas para integrar a tecnologia e eletricidade ao mobili\u00e1rio de forma elegante e funcional. Com uma vasta gama de produtos, a Legrand oferece sistemas e dispositivos que permitem a instala\u00e7\u00e3o de tomadas, sistemas de ilumina\u00e7\u00e3o, pontos de carregamento e conectividade diretamente nos m\u00f3veis, criando ambientes mais eficientes, modernos e&hellip;&nbsp;<a href=\"https:\/\/electricidadeaguas.pt\/?product=catalogo-legrand-solucoes-integrais-para-mobiliario\" rel=\"bookmark\">Ler mais &raquo;<span class=\"screen-reader-text\">Cat\u00e1logo Legrand &#8211; Solu\u00e7\u00f5es integrais para mobili\u00e1rio<\/span><\/a><\/p>\n","protected":false},"featured_media":622,"comment_status":"open","ping_status":"closed","template":"","meta":{"neve_meta_sidebar":"","neve_meta_container":"","neve_meta_enable_content_width":"off","neve_meta_content_width":100,"neve_meta_title_alignment":"","neve_meta_author_avatar":"","neve_post_elements_order":"","neve_meta_disable_header":"","neve_meta_disable_footer":"","neve_meta_disable_title":""},"product_brand":[],"product_cat":[30],"product_tag":[],"class_list":{"0":"post-620","1":"product","2":"type-product","3":"status-publish","4":"has-post-thumbnail","6":"product_cat-legrand","8":"first","9":"instock","10":"virtual","11":"product-type-simple"},"jetpack_sharing_enabled":true,"_links":{"self":[{"href":"https:\/\/electricidadeaguas.pt\/index.php?rest_route=\/wp\/v2\/product\/620","targetHints":{"allow":["GET"]}}],"collection":[{"href":"https:\/\/electricidadeaguas.pt\/index.php?rest_route=\/wp\/v2\/product"}],"about":[{"href":"https:\/\/electricidadeaguas.pt\/index.php?rest_route=\/wp\/v2\/types\/product"}],"replies":[{"embeddable":true,"href":"https:\/\/electricidadeaguas.pt\/index.php?rest_route=%2Fwp%2Fv2%2Fcomments&post=620"}],"wp:featuredmedia":[{"embeddable":true,"href":"https:\/\/electricidadeaguas.pt\/index.php?rest_route=\/wp\/v2\/media\/622"}],"wp:attachment":[{"href":"https:\/\/electricidadeaguas.pt\/index.php?rest_route=%2Fwp%2Fv2%2Fmedia&parent=620"}],"wp:term":[{"taxonomy":"product_brand","embeddable":true,"href":"https:\/\/electricidadeaguas.pt\/index.php?rest_route=%2Fwp%2Fv2%2Fproduct_brand&post=620"},{"taxonomy":"product_cat","embeddable":true,"href":"https:\/\/electricidadeaguas.pt\/index.php?rest_route=%2Fwp%2Fv2%2Fproduct_cat&post=620"},{"taxonomy":"product_tag","embeddable":true,"href":"https:\/\/electricidadeaguas.pt\/index.php?rest_route=%2Fwp%2Fv2%2Fproduct_tag&post=620"}],"curies":[{"name":"wp","href":"https:\/\/api.w.org\/{rel}","templated":true}]}}