{"id":639,"date":"2025-03-25T12:29:21","date_gmt":"2025-03-25T12:29:21","guid":{"rendered":"https:\/\/electricidadeaguas.pt\/?post_type=product&#038;p=639"},"modified":"2025-03-25T12:29:21","modified_gmt":"2025-03-25T12:29:21","slug":"catalogo-hager-witty-start","status":"publish","type":"product","link":"https:\/\/electricidadeaguas.pt\/?product=catalogo-hager-witty-start","title":{"rendered":"Cat\u00e1logo Hager &#8211; Witty Start"},"content":{"rendered":"<p class=\"\" data-start=\"98\" data-end=\"548\">A linha <strong data-start=\"106\" data-end=\"121\">Witty Start<\/strong> da <strong data-start=\"125\" data-end=\"134\">Hager<\/strong> oferece solu\u00e7\u00f5es de <strong data-start=\"155\" data-end=\"180\">automa\u00e7\u00e3o residencial<\/strong> inteligentes, permitindo o controlo e a gest\u00e3o de fun\u00e7\u00f5es el\u00e9tricas de forma intuitiva e eficiente. A <strong data-start=\"283\" data-end=\"298\">Witty Start<\/strong> \u00e9 uma solu\u00e7\u00e3o perfeita para quem procura uma <strong data-start=\"344\" data-end=\"376\">instala\u00e7\u00e3o simples e pr\u00e1tica<\/strong> de automa\u00e7\u00e3o, sem complica\u00e7\u00f5es. Este sistema modular e flex\u00edvel \u00e9 ideal para projetos residenciais, proporcionando <strong data-start=\"492\" data-end=\"504\">conforto<\/strong>, <strong data-start=\"506\" data-end=\"519\">seguran\u00e7a<\/strong> e <strong data-start=\"522\" data-end=\"547\">efici\u00eancia energ\u00e9tica<\/strong>.<\/p>\n<p class=\"\" data-start=\"550\" data-end=\"956\">Com <strong data-start=\"554\" data-end=\"573\">controle remoto<\/strong> de funcionalidades como ilumina\u00e7\u00e3o, persianas, <strong data-start=\"621\" data-end=\"636\">temperatura<\/strong> e <strong data-start=\"639\" data-end=\"652\">seguran\u00e7a<\/strong>, a linha <strong data-start=\"662\" data-end=\"677\">Witty Start<\/strong> possibilita a <strong data-start=\"692\" data-end=\"710\">personaliza\u00e7\u00e3o<\/strong> do ambiente atrav\u00e9s de dispositivos intuitivos e acess\u00edveis. A configura\u00e7\u00e3o do sistema pode ser feita de forma simples, garantindo a integra\u00e7\u00e3o com outros dispositivos <strong data-start=\"879\" data-end=\"895\">inteligentes<\/strong> e oferecendo uma solu\u00e7\u00e3o pr\u00e1tica para automatizar o seu lar.<\/p>\n<p class=\"\" data-start=\"958\" data-end=\"1301\">A <strong data-start=\"960\" data-end=\"969\">Hager<\/strong> desenvolveu a linha <strong data-start=\"990\" data-end=\"1005\">Witty Start<\/strong> com o objetivo de proporcionar uma <strong data-start=\"1041\" data-end=\"1072\">experi\u00eancia sem complica\u00e7\u00e3o<\/strong>, com <strong data-start=\"1078\" data-end=\"1098\">f\u00e1cil instala\u00e7\u00e3o<\/strong> e opera\u00e7\u00e3o, sendo uma escolha ideal tanto para <strong data-start=\"1146\" data-end=\"1167\">novas constru\u00e7\u00f5es<\/strong> quanto para <strong data-start=\"1180\" data-end=\"1194\">renova\u00e7\u00f5es<\/strong>. A linha tamb\u00e9m permite o <strong data-start=\"1221\" data-end=\"1254\">controle via aplicativo m\u00f3vel<\/strong>, proporcionando maior conforto e conveni\u00eancia.<\/p>\n<p data-start=\"958\" data-end=\"1301\">Descubra mais ao clicar abaixo.<\/p>\n<p data-start=\"958\" data-end=\"1301\"><a href=\"https:\/\/electrosiluz.pt\/wp-content\/uploads\/2024\/05\/catalogo-hager-witty-start-2022.pdf\">Witty Start &#8211; Hager<\/a><\/p>\n","protected":false},"excerpt":{"rendered":"<p>A linha Witty Start da Hager oferece solu\u00e7\u00f5es de automa\u00e7\u00e3o residencial inteligentes, permitindo o controlo e a gest\u00e3o de fun\u00e7\u00f5es el\u00e9tricas de forma intuitiva e eficiente. A Witty Start \u00e9 uma solu\u00e7\u00e3o perfeita para quem procura uma instala\u00e7\u00e3o simples e pr\u00e1tica de automa\u00e7\u00e3o, sem complica\u00e7\u00f5es. Este sistema modular e flex\u00edvel \u00e9 ideal para projetos residenciais,&hellip;&nbsp;<a href=\"https:\/\/electricidadeaguas.pt\/?product=catalogo-hager-witty-start\" rel=\"bookmark\">Ler mais &raquo;<span class=\"screen-reader-text\">Cat\u00e1logo Hager &#8211; Witty Start<\/span><\/a><\/p>\n","protected":false},"featured_media":640,"comment_status":"open","ping_status":"closed","template":"","meta":{"neve_meta_sidebar":"","neve_meta_container":"","neve_meta_enable_content_width":"off","neve_meta_content_width":100,"neve_meta_title_alignment":"","neve_meta_author_avatar":"","neve_post_elements_order":"","neve_meta_disable_header":"","neve_meta_disable_footer":"","neve_meta_disable_title":""},"product_brand":[],"product_cat":[31],"product_tag":[],"class_list":{"0":"post-639","1":"product","2":"type-product","3":"status-publish","4":"has-post-thumbnail","6":"product_cat-hager","8":"first","9":"instock","10":"virtual","11":"product-type-simple"},"jetpack_sharing_enabled":true,"_links":{"self":[{"href":"https:\/\/electricidadeaguas.pt\/index.php?rest_route=\/wp\/v2\/product\/639","targetHints":{"allow":["GET"]}}],"collection":[{"href":"https:\/\/electricidadeaguas.pt\/index.php?rest_route=\/wp\/v2\/product"}],"about":[{"href":"https:\/\/electricidadeaguas.pt\/index.php?rest_route=\/wp\/v2\/types\/product"}],"replies":[{"embeddable":true,"href":"https:\/\/electricidadeaguas.pt\/index.php?rest_route=%2Fwp%2Fv2%2Fcomments&post=639"}],"wp:featuredmedia":[{"embeddable":true,"href":"https:\/\/electricidadeaguas.pt\/index.php?rest_route=\/wp\/v2\/media\/640"}],"wp:attachment":[{"href":"https:\/\/electricidadeaguas.pt\/index.php?rest_route=%2Fwp%2Fv2%2Fmedia&parent=639"}],"wp:term":[{"taxonomy":"product_brand","embeddable":true,"href":"https:\/\/electricidadeaguas.pt\/index.php?rest_route=%2Fwp%2Fv2%2Fproduct_brand&post=639"},{"taxonomy":"product_cat","embeddable":true,"href":"https:\/\/electricidadeaguas.pt\/index.php?rest_route=%2Fwp%2Fv2%2Fproduct_cat&post=639"},{"taxonomy":"product_tag","embeddable":true,"href":"https:\/\/electricidadeaguas.pt\/index.php?rest_route=%2Fwp%2Fv2%2Fproduct_tag&post=639"}],"curies":[{"name":"wp","href":"https:\/\/api.w.org\/{rel}","templated":true}]}}