{"id":692,"date":"2025-03-26T08:31:29","date_gmt":"2025-03-26T08:31:29","guid":{"rendered":"https:\/\/electricidadeaguas.pt\/?post_type=product&#038;p=692"},"modified":"2025-03-26T08:31:29","modified_gmt":"2025-03-26T08:31:29","slug":"catalogo-phoenix-contact-terminal-blocks","status":"publish","type":"product","link":"https:\/\/electricidadeaguas.pt\/?product=catalogo-phoenix-contact-terminal-blocks","title":{"rendered":"Cat\u00e1logo Phoenix Contact &#8211; Terminal Blocks"},"content":{"rendered":"<p class=\"\" data-start=\"0\" data-end=\"298\">Os <strong data-start=\"3\" data-end=\"22\">Terminal Blocks<\/strong> da <strong data-start=\"26\" data-end=\"45\">Phoenix Contact<\/strong> s\u00e3o solu\u00e7\u00f5es de conex\u00e3o fi\u00e1veis e vers\u00e1teis para aplica\u00e7\u00f5es el\u00e9tricas e industriais. Projetados para garantir liga\u00e7\u00f5es seguras e eficientes, destacam-se pela sua robustez, facilidade de instala\u00e7\u00e3o e flexibilidade na configura\u00e7\u00e3o de pain\u00e9is el\u00e9tricos.<\/p>\n<p class=\"\" data-start=\"300\" data-end=\"594\">A gama inclui <strong data-start=\"314\" data-end=\"390\">bornes de mola, parafuso, push-in, barreira e outros sistemas de liga\u00e7\u00e3o<\/strong>, adaptando-se a diferentes necessidades e exig\u00eancias t\u00e9cnicas. Com tecnologia inovadora, os terminais garantem uma conex\u00e3o firme e resistente a vibra\u00e7\u00f5es, assegurando um desempenho est\u00e1vel e duradouro.<\/p>\n<p class=\"\" data-start=\"596\" data-end=\"913\">Os <strong data-start=\"599\" data-end=\"619\">bornes modulares<\/strong> da Phoenix Contact permitem expans\u00f5es e adapta\u00e7\u00f5es r\u00e1pidas, tornando-os ideais para aplica\u00e7\u00f5es em <strong data-start=\"718\" data-end=\"781\">ind\u00fastria, automa\u00e7\u00e3o, energias renov\u00e1veis e infraestruturas<\/strong>. Al\u00e9m disso, oferecem uma organiza\u00e7\u00e3o eficiente dos cabos, contribuindo para quadros el\u00e9tricos mais compactos e f\u00e1ceis de manter.<\/p>\n<p class=\"\" data-start=\"915\" data-end=\"1124\">Com materiais de alta qualidade e certifica\u00e7\u00f5es internacionais, os <strong data-start=\"982\" data-end=\"1001\">Terminal Blocks<\/strong> da Phoenix Contact s\u00e3o a escolha ideal para quem procura seguran\u00e7a, efici\u00eancia e inova\u00e7\u00e3o em sistemas de liga\u00e7\u00e3o el\u00e9trica.<\/p>\n<p data-start=\"915\" data-end=\"1124\">Explore mais ao clicar abaixo.<\/p>\n<p data-start=\"915\" data-end=\"1124\"><a href=\"http:\/\/electricidadeaguas.pt\/wp-content\/uploads\/2025\/03\/Terminal-Blocks.pdf\">Terminal-Blocks<\/a><\/p>\n","protected":false},"excerpt":{"rendered":"<p>Os Terminal Blocks da Phoenix Contact s\u00e3o solu\u00e7\u00f5es de conex\u00e3o fi\u00e1veis e vers\u00e1teis para aplica\u00e7\u00f5es el\u00e9tricas e industriais. Projetados para garantir liga\u00e7\u00f5es seguras e eficientes, destacam-se pela sua robustez, facilidade de instala\u00e7\u00e3o e flexibilidade na configura\u00e7\u00e3o de pain\u00e9is el\u00e9tricos. A gama inclui bornes de mola, parafuso, push-in, barreira e outros sistemas de liga\u00e7\u00e3o, adaptando-se a&hellip;&nbsp;<a href=\"https:\/\/electricidadeaguas.pt\/?product=catalogo-phoenix-contact-terminal-blocks\" rel=\"bookmark\">Ler mais &raquo;<span class=\"screen-reader-text\">Cat\u00e1logo Phoenix Contact &#8211; Terminal Blocks<\/span><\/a><\/p>\n","protected":false},"featured_media":694,"comment_status":"open","ping_status":"closed","template":"","meta":{"neve_meta_sidebar":"","neve_meta_container":"","neve_meta_enable_content_width":"off","neve_meta_content_width":100,"neve_meta_title_alignment":"","neve_meta_author_avatar":"","neve_post_elements_order":"","neve_meta_disable_header":"","neve_meta_disable_footer":"","neve_meta_disable_title":""},"product_brand":[],"product_cat":[38],"product_tag":[],"class_list":{"0":"post-692","1":"product","2":"type-product","3":"status-publish","4":"has-post-thumbnail","6":"product_cat-phoenix-contact","8":"first","9":"instock","10":"virtual","11":"product-type-simple"},"jetpack_sharing_enabled":true,"_links":{"self":[{"href":"https:\/\/electricidadeaguas.pt\/index.php?rest_route=\/wp\/v2\/product\/692","targetHints":{"allow":["GET"]}}],"collection":[{"href":"https:\/\/electricidadeaguas.pt\/index.php?rest_route=\/wp\/v2\/product"}],"about":[{"href":"https:\/\/electricidadeaguas.pt\/index.php?rest_route=\/wp\/v2\/types\/product"}],"replies":[{"embeddable":true,"href":"https:\/\/electricidadeaguas.pt\/index.php?rest_route=%2Fwp%2Fv2%2Fcomments&post=692"}],"wp:featuredmedia":[{"embeddable":true,"href":"https:\/\/electricidadeaguas.pt\/index.php?rest_route=\/wp\/v2\/media\/694"}],"wp:attachment":[{"href":"https:\/\/electricidadeaguas.pt\/index.php?rest_route=%2Fwp%2Fv2%2Fmedia&parent=692"}],"wp:term":[{"taxonomy":"product_brand","embeddable":true,"href":"https:\/\/electricidadeaguas.pt\/index.php?rest_route=%2Fwp%2Fv2%2Fproduct_brand&post=692"},{"taxonomy":"product_cat","embeddable":true,"href":"https:\/\/electricidadeaguas.pt\/index.php?rest_route=%2Fwp%2Fv2%2Fproduct_cat&post=692"},{"taxonomy":"product_tag","embeddable":true,"href":"https:\/\/electricidadeaguas.pt\/index.php?rest_route=%2Fwp%2Fv2%2Fproduct_tag&post=692"}],"curies":[{"name":"wp","href":"https:\/\/api.w.org\/{rel}","templated":true}]}}