{"id":710,"date":"2025-03-26T09:18:03","date_gmt":"2025-03-26T09:18:03","guid":{"rendered":"https:\/\/electricidadeaguas.pt\/?post_type=product&#038;p=710"},"modified":"2025-03-26T09:18:03","modified_gmt":"2025-03-26T09:18:03","slug":"catalogo-phoenix-contact-charging-technology-for-electromobility","status":"publish","type":"product","link":"https:\/\/electricidadeaguas.pt\/?product=catalogo-phoenix-contact-charging-technology-for-electromobility","title":{"rendered":"Cat\u00e1logo Phoenix Contact &#8211; Charging technology for electromobility"},"content":{"rendered":"<p>O cat\u00e1logo Phoenix Contact de tecnologia de carregamento para a eletromobilidade oferece solu\u00e7\u00f5es de ponta para a infraestrutura de carregamento de ve\u00edculos el\u00e9tricos. Com produtos como esta\u00e7\u00f5es de carregamento, conectores e sistemas de gest\u00e3o de energia, este cat\u00e1logo \u00e9 projetado para apoiar a transi\u00e7\u00e3o para uma mobilidade mais sustent\u00e1vel e eficiente. As solu\u00e7\u00f5es garantem seguran\u00e7a, desempenho e compatibilidade com diversos modelos de ve\u00edculos el\u00e9tricos.<\/p>\n<p><br data-start=\"533\" data-end=\"536\" \/>Clique abaixo para explorar mais.<\/p>\n<p><a href=\"http:\/\/electricidadeaguas.pt\/wp-content\/uploads\/2025\/03\/Catalogo-Phoenix-Contact-Charging-technology-for-electromobility.pdf\">Cat\u00e1logo Phoenix Contact &#8211; Charging technology for electromobility<\/a><\/p>\n","protected":false},"excerpt":{"rendered":"<p>O cat\u00e1logo Phoenix Contact de tecnologia de carregamento para a eletromobilidade oferece solu\u00e7\u00f5es de ponta para a infraestrutura de carregamento de ve\u00edculos el\u00e9tricos. Com produtos como esta\u00e7\u00f5es de carregamento, conectores e sistemas de gest\u00e3o de energia, este cat\u00e1logo \u00e9 projetado para apoiar a transi\u00e7\u00e3o para uma mobilidade mais sustent\u00e1vel e eficiente. As solu\u00e7\u00f5es garantem seguran\u00e7a,&hellip;&nbsp;<a href=\"https:\/\/electricidadeaguas.pt\/?product=catalogo-phoenix-contact-charging-technology-for-electromobility\" rel=\"bookmark\">Ler mais &raquo;<span class=\"screen-reader-text\">Cat\u00e1logo Phoenix Contact &#8211; Charging technology for electromobility<\/span><\/a><\/p>\n","protected":false},"featured_media":712,"comment_status":"open","ping_status":"closed","template":"","meta":{"neve_meta_sidebar":"","neve_meta_container":"","neve_meta_enable_content_width":"off","neve_meta_content_width":100,"neve_meta_title_alignment":"","neve_meta_author_avatar":"","neve_post_elements_order":"","neve_meta_disable_header":"","neve_meta_disable_footer":"","neve_meta_disable_title":""},"product_brand":[],"product_cat":[38],"product_tag":[],"class_list":{"0":"post-710","1":"product","2":"type-product","3":"status-publish","4":"has-post-thumbnail","6":"product_cat-phoenix-contact","8":"first","9":"instock","10":"virtual","11":"product-type-simple"},"jetpack_sharing_enabled":true,"_links":{"self":[{"href":"https:\/\/electricidadeaguas.pt\/index.php?rest_route=\/wp\/v2\/product\/710","targetHints":{"allow":["GET"]}}],"collection":[{"href":"https:\/\/electricidadeaguas.pt\/index.php?rest_route=\/wp\/v2\/product"}],"about":[{"href":"https:\/\/electricidadeaguas.pt\/index.php?rest_route=\/wp\/v2\/types\/product"}],"replies":[{"embeddable":true,"href":"https:\/\/electricidadeaguas.pt\/index.php?rest_route=%2Fwp%2Fv2%2Fcomments&post=710"}],"wp:featuredmedia":[{"embeddable":true,"href":"https:\/\/electricidadeaguas.pt\/index.php?rest_route=\/wp\/v2\/media\/712"}],"wp:attachment":[{"href":"https:\/\/electricidadeaguas.pt\/index.php?rest_route=%2Fwp%2Fv2%2Fmedia&parent=710"}],"wp:term":[{"taxonomy":"product_brand","embeddable":true,"href":"https:\/\/electricidadeaguas.pt\/index.php?rest_route=%2Fwp%2Fv2%2Fproduct_brand&post=710"},{"taxonomy":"product_cat","embeddable":true,"href":"https:\/\/electricidadeaguas.pt\/index.php?rest_route=%2Fwp%2Fv2%2Fproduct_cat&post=710"},{"taxonomy":"product_tag","embeddable":true,"href":"https:\/\/electricidadeaguas.pt\/index.php?rest_route=%2Fwp%2Fv2%2Fproduct_tag&post=710"}],"curies":[{"name":"wp","href":"https:\/\/api.w.org\/{rel}","templated":true}]}}