{"id":734,"date":"2025-03-26T10:13:46","date_gmt":"2025-03-26T10:13:46","guid":{"rendered":"https:\/\/electricidadeaguas.pt\/?post_type=product&#038;p=734"},"modified":"2025-03-26T10:13:46","modified_gmt":"2025-03-26T10:13:46","slug":"catalogo-obo-sistemas-de-conducao-de-cabos","status":"publish","type":"product","link":"https:\/\/electricidadeaguas.pt\/?product=catalogo-obo-sistemas-de-conducao-de-cabos","title":{"rendered":"Cat\u00e1logo OBO &#8211; Sistemas de condu\u00e7\u00e3o de cabos"},"content":{"rendered":"<p class=\"\" data-start=\"85\" data-end=\"430\">O <strong data-start=\"87\" data-end=\"135\">Cat\u00e1logo OBO &#8211; Sistemas de condu\u00e7\u00e3o de cabos<\/strong> apresenta solu\u00e7\u00f5es eficientes e seguras para a instala\u00e7\u00e3o e organiza\u00e7\u00e3o de cabos em sistemas el\u00e9tricos. A OBO oferece uma vasta gama de produtos, como canaliza\u00e7\u00f5es, bandejas de cabos, tubos e acess\u00f3rios, projetados para proteger e otimizar a disposi\u00e7\u00e3o dos cabos em qualquer tipo de instala\u00e7\u00e3o.<\/p>\n<p class=\"\" data-start=\"432\" data-end=\"786\">Com op\u00e7\u00f5es vers\u00e1teis e modulares, os sistemas de condu\u00e7\u00e3o de cabos da OBO s\u00e3o ideais para ambientes industriais, comerciais e residenciais, garantindo uma instala\u00e7\u00e3o limpa, segura e duradoura. A OBO \u00e9 reconhecida pela sua qualidade e inova\u00e7\u00e3o, oferecendo solu\u00e7\u00f5es que facilitam o trabalho de instala\u00e7\u00e3o e asseguram a m\u00e1xima seguran\u00e7a das redes el\u00e9tricas.<\/p>\n<p class=\"\" data-start=\"788\" data-end=\"822\"><strong data-start=\"788\" data-end=\"822\">Explore mais ao clicar abaixo.<\/strong><\/p>\n<p data-start=\"788\" data-end=\"822\"><a href=\"http:\/\/electricidadeaguas.pt\/wp-content\/uploads\/2025\/03\/Catalogo-OBO-Sistemas-de-conducao-de-cabos.pdf\">Cat\u00e1logo OBO &#8211; Sistemas de condu\u00e7\u00e3o de cabos<\/a><\/p>\n","protected":false},"excerpt":{"rendered":"<p>O Cat\u00e1logo OBO &#8211; Sistemas de condu\u00e7\u00e3o de cabos apresenta solu\u00e7\u00f5es eficientes e seguras para a instala\u00e7\u00e3o e organiza\u00e7\u00e3o de cabos em sistemas el\u00e9tricos. A OBO oferece uma vasta gama de produtos, como canaliza\u00e7\u00f5es, bandejas de cabos, tubos e acess\u00f3rios, projetados para proteger e otimizar a disposi\u00e7\u00e3o dos cabos em qualquer tipo de instala\u00e7\u00e3o. Com&hellip;&nbsp;<a href=\"https:\/\/electricidadeaguas.pt\/?product=catalogo-obo-sistemas-de-conducao-de-cabos\" rel=\"bookmark\">Ler mais &raquo;<span class=\"screen-reader-text\">Cat\u00e1logo OBO &#8211; Sistemas de condu\u00e7\u00e3o de cabos<\/span><\/a><\/p>\n","protected":false},"featured_media":736,"comment_status":"open","ping_status":"closed","template":"","meta":{"neve_meta_sidebar":"","neve_meta_container":"","neve_meta_enable_content_width":"off","neve_meta_content_width":100,"neve_meta_title_alignment":"","neve_meta_author_avatar":"","neve_post_elements_order":"","neve_meta_disable_header":"","neve_meta_disable_footer":"","neve_meta_disable_title":""},"product_brand":[],"product_cat":[39],"product_tag":[],"class_list":{"0":"post-734","1":"product","2":"type-product","3":"status-publish","4":"has-post-thumbnail","6":"product_cat-obo","8":"first","9":"instock","10":"virtual","11":"product-type-simple"},"jetpack_sharing_enabled":true,"_links":{"self":[{"href":"https:\/\/electricidadeaguas.pt\/index.php?rest_route=\/wp\/v2\/product\/734","targetHints":{"allow":["GET"]}}],"collection":[{"href":"https:\/\/electricidadeaguas.pt\/index.php?rest_route=\/wp\/v2\/product"}],"about":[{"href":"https:\/\/electricidadeaguas.pt\/index.php?rest_route=\/wp\/v2\/types\/product"}],"replies":[{"embeddable":true,"href":"https:\/\/electricidadeaguas.pt\/index.php?rest_route=%2Fwp%2Fv2%2Fcomments&post=734"}],"wp:featuredmedia":[{"embeddable":true,"href":"https:\/\/electricidadeaguas.pt\/index.php?rest_route=\/wp\/v2\/media\/736"}],"wp:attachment":[{"href":"https:\/\/electricidadeaguas.pt\/index.php?rest_route=%2Fwp%2Fv2%2Fmedia&parent=734"}],"wp:term":[{"taxonomy":"product_brand","embeddable":true,"href":"https:\/\/electricidadeaguas.pt\/index.php?rest_route=%2Fwp%2Fv2%2Fproduct_brand&post=734"},{"taxonomy":"product_cat","embeddable":true,"href":"https:\/\/electricidadeaguas.pt\/index.php?rest_route=%2Fwp%2Fv2%2Fproduct_cat&post=734"},{"taxonomy":"product_tag","embeddable":true,"href":"https:\/\/electricidadeaguas.pt\/index.php?rest_route=%2Fwp%2Fv2%2Fproduct_tag&post=734"}],"curies":[{"name":"wp","href":"https:\/\/api.w.org\/{rel}","templated":true}]}}