{"id":739,"date":"2025-03-26T10:22:17","date_gmt":"2025-03-26T10:22:17","guid":{"rendered":"https:\/\/electricidadeaguas.pt\/?post_type=product&#038;p=739"},"modified":"2025-03-26T10:22:17","modified_gmt":"2025-03-26T10:22:17","slug":"catalogo-obo-sistemas-de-chao","status":"publish","type":"product","link":"https:\/\/electricidadeaguas.pt\/?product=catalogo-obo-sistemas-de-chao","title":{"rendered":"Cat\u00e1logo OBO &#8211; Sistemas de ch\u00e3o"},"content":{"rendered":"<p class=\"\" data-start=\"72\" data-end=\"416\">O <strong data-start=\"74\" data-end=\"109\">Cat\u00e1logo OBO &#8211; Sistemas de ch\u00e3o<\/strong> oferece solu\u00e7\u00f5es inovadoras para a gest\u00e3o e distribui\u00e7\u00e3o de instala\u00e7\u00f5es el\u00e9tricas diretamente no ch\u00e3o. A OBO apresenta uma variedade de produtos, como sistemas de canaliza\u00e7\u00e3o e caixas de piso, que permitem uma instala\u00e7\u00e3o pr\u00e1tica e segura de cabos e fios em ambientes comerciais, industriais e residenciais.<\/p>\n<p class=\"\" data-start=\"418\" data-end=\"754\">Esses sistemas s\u00e3o ideais para garantir uma distribui\u00e7\u00e3o ordenada e eficiente de energia, facilitando a manuten\u00e7\u00e3o e a acessibilidade das instala\u00e7\u00f5es. A OBO \u00e9 conhecida pela qualidade e durabilidade de seus produtos, que s\u00e3o projetados para suportar grandes cargas e garantir a seguran\u00e7a ao longo do tempo, mesmo em ambientes exigentes.<\/p>\n<p class=\"\" data-start=\"756\" data-end=\"790\"><strong data-start=\"756\" data-end=\"790\">Explore mais ao clicar abaixo.<\/strong><\/p>\n<p><a href=\"https:\/\/electrosiluz.pt\/wp-content\/uploads\/2024\/05\/Katalog-UFS_pt_2016_compressed.pdf\">Cat\u00e1logo OBO &#8211; Sistemas de ch\u00e3o<\/a><\/p>\n","protected":false},"excerpt":{"rendered":"<p>O Cat\u00e1logo OBO &#8211; Sistemas de ch\u00e3o oferece solu\u00e7\u00f5es inovadoras para a gest\u00e3o e distribui\u00e7\u00e3o de instala\u00e7\u00f5es el\u00e9tricas diretamente no ch\u00e3o. A OBO apresenta uma variedade de produtos, como sistemas de canaliza\u00e7\u00e3o e caixas de piso, que permitem uma instala\u00e7\u00e3o pr\u00e1tica e segura de cabos e fios em ambientes comerciais, industriais e residenciais. Esses sistemas&hellip;&nbsp;<a href=\"https:\/\/electricidadeaguas.pt\/?product=catalogo-obo-sistemas-de-chao\" rel=\"bookmark\">Ler mais &raquo;<span class=\"screen-reader-text\">Cat\u00e1logo OBO &#8211; Sistemas de ch\u00e3o<\/span><\/a><\/p>\n","protected":false},"featured_media":740,"comment_status":"open","ping_status":"closed","template":"","meta":{"neve_meta_sidebar":"","neve_meta_container":"","neve_meta_enable_content_width":"off","neve_meta_content_width":100,"neve_meta_title_alignment":"","neve_meta_author_avatar":"","neve_post_elements_order":"","neve_meta_disable_header":"","neve_meta_disable_footer":"","neve_meta_disable_title":""},"product_brand":[],"product_cat":[39],"product_tag":[],"class_list":{"0":"post-739","1":"product","2":"type-product","3":"status-publish","4":"has-post-thumbnail","6":"product_cat-obo","8":"first","9":"instock","10":"virtual","11":"product-type-simple"},"jetpack_sharing_enabled":true,"_links":{"self":[{"href":"https:\/\/electricidadeaguas.pt\/index.php?rest_route=\/wp\/v2\/product\/739","targetHints":{"allow":["GET"]}}],"collection":[{"href":"https:\/\/electricidadeaguas.pt\/index.php?rest_route=\/wp\/v2\/product"}],"about":[{"href":"https:\/\/electricidadeaguas.pt\/index.php?rest_route=\/wp\/v2\/types\/product"}],"replies":[{"embeddable":true,"href":"https:\/\/electricidadeaguas.pt\/index.php?rest_route=%2Fwp%2Fv2%2Fcomments&post=739"}],"wp:featuredmedia":[{"embeddable":true,"href":"https:\/\/electricidadeaguas.pt\/index.php?rest_route=\/wp\/v2\/media\/740"}],"wp:attachment":[{"href":"https:\/\/electricidadeaguas.pt\/index.php?rest_route=%2Fwp%2Fv2%2Fmedia&parent=739"}],"wp:term":[{"taxonomy":"product_brand","embeddable":true,"href":"https:\/\/electricidadeaguas.pt\/index.php?rest_route=%2Fwp%2Fv2%2Fproduct_brand&post=739"},{"taxonomy":"product_cat","embeddable":true,"href":"https:\/\/electricidadeaguas.pt\/index.php?rest_route=%2Fwp%2Fv2%2Fproduct_cat&post=739"},{"taxonomy":"product_tag","embeddable":true,"href":"https:\/\/electricidadeaguas.pt\/index.php?rest_route=%2Fwp%2Fv2%2Fproduct_tag&post=739"}],"curies":[{"name":"wp","href":"https:\/\/api.w.org\/{rel}","templated":true}]}}