{"id":753,"date":"2025-03-26T14:37:32","date_gmt":"2025-03-26T14:37:32","guid":{"rendered":"https:\/\/electricidadeaguas.pt\/?post_type=product&#038;p=753"},"modified":"2025-03-26T14:37:33","modified_gmt":"2025-03-26T14:37:33","slug":"catalogo-shcneider-schneider-eletric","status":"publish","type":"product","link":"https:\/\/electricidadeaguas.pt\/?product=catalogo-shcneider-schneider-eletric","title":{"rendered":"Cat\u00e1logo Shcneider &#8211; Schneider Eletric"},"content":{"rendered":"<p>\u200b<span class=\"relative -mx-px my-[-0.2rem] rounded px-px py-[0.2rem]\">O <strong data-start=\"2\" data-end=\"42\">Cat\u00e1logo Geral da Schneider Electric<\/strong> disponibiliza uma vis\u00e3o abrangente das solu\u00e7\u00f5es e produtos oferecidos pela empresa, abrangendo \u00e1reas como automa\u00e7\u00e3o industrial, distribui\u00e7\u00e3o el\u00e9trica de baixa e m\u00e9dia tens\u00e3o, e gest\u00e3o de energia.<\/span> <span class=\"relative -mx-px my-[-0.2rem] rounded px-px py-[0.2rem]\">Este cat\u00e1logo \u00e9 uma ferramenta essencial para profissionais que procuram informa\u00e7\u00f5es detalhadas sobre as ofertas da Schneider Electric.<\/span><\/p>\n<p>Explore mais ao clicar abaixo.<\/p>\n<p><a href=\"https:\/\/flipbook.se.com\/pt\/pt\/ESMKT01252J23\/10-2024\/index.html#page\/1\">Cat\u00e1logo Shcneider &#8211; Schneider Eletric<\/a><\/p>\n","protected":false},"excerpt":{"rendered":"<p>\u200bO Cat\u00e1logo Geral da Schneider Electric disponibiliza uma vis\u00e3o abrangente das solu\u00e7\u00f5es e produtos oferecidos pela empresa, abrangendo \u00e1reas como automa\u00e7\u00e3o industrial, distribui\u00e7\u00e3o el\u00e9trica de baixa e m\u00e9dia tens\u00e3o, e gest\u00e3o de energia. Este cat\u00e1logo \u00e9 uma ferramenta essencial para profissionais que procuram informa\u00e7\u00f5es detalhadas sobre as ofertas da Schneider Electric. Explore mais ao clicar&hellip;&nbsp;<a href=\"https:\/\/electricidadeaguas.pt\/?product=catalogo-shcneider-schneider-eletric\" rel=\"bookmark\">Ler mais &raquo;<span class=\"screen-reader-text\">Cat\u00e1logo Shcneider &#8211; Schneider Eletric<\/span><\/a><\/p>\n","protected":false},"featured_media":754,"comment_status":"open","ping_status":"closed","template":"","meta":{"neve_meta_sidebar":"","neve_meta_container":"","neve_meta_enable_content_width":"off","neve_meta_content_width":100,"neve_meta_title_alignment":"","neve_meta_author_avatar":"","neve_post_elements_order":"","neve_meta_disable_header":"","neve_meta_disable_footer":"","neve_meta_disable_title":""},"product_brand":[],"product_cat":[42],"product_tag":[],"class_list":{"0":"post-753","1":"product","2":"type-product","3":"status-publish","4":"has-post-thumbnail","6":"product_cat-schneider","8":"first","9":"instock","10":"virtual","11":"product-type-simple"},"jetpack_sharing_enabled":true,"_links":{"self":[{"href":"https:\/\/electricidadeaguas.pt\/index.php?rest_route=\/wp\/v2\/product\/753","targetHints":{"allow":["GET"]}}],"collection":[{"href":"https:\/\/electricidadeaguas.pt\/index.php?rest_route=\/wp\/v2\/product"}],"about":[{"href":"https:\/\/electricidadeaguas.pt\/index.php?rest_route=\/wp\/v2\/types\/product"}],"replies":[{"embeddable":true,"href":"https:\/\/electricidadeaguas.pt\/index.php?rest_route=%2Fwp%2Fv2%2Fcomments&post=753"}],"wp:featuredmedia":[{"embeddable":true,"href":"https:\/\/electricidadeaguas.pt\/index.php?rest_route=\/wp\/v2\/media\/754"}],"wp:attachment":[{"href":"https:\/\/electricidadeaguas.pt\/index.php?rest_route=%2Fwp%2Fv2%2Fmedia&parent=753"}],"wp:term":[{"taxonomy":"product_brand","embeddable":true,"href":"https:\/\/electricidadeaguas.pt\/index.php?rest_route=%2Fwp%2Fv2%2Fproduct_brand&post=753"},{"taxonomy":"product_cat","embeddable":true,"href":"https:\/\/electricidadeaguas.pt\/index.php?rest_route=%2Fwp%2Fv2%2Fproduct_cat&post=753"},{"taxonomy":"product_tag","embeddable":true,"href":"https:\/\/electricidadeaguas.pt\/index.php?rest_route=%2Fwp%2Fv2%2Fproduct_tag&post=753"}],"curies":[{"name":"wp","href":"https:\/\/api.w.org\/{rel}","templated":true}]}}