{"id":755,"date":"2025-03-26T14:42:53","date_gmt":"2025-03-26T14:42:53","guid":{"rendered":"https:\/\/electricidadeaguas.pt\/?post_type=product&#038;p=755"},"modified":"2025-03-26T14:42:53","modified_gmt":"2025-03-26T14:42:53","slug":"catalogo-shcneider-geral","status":"publish","type":"product","link":"https:\/\/electricidadeaguas.pt\/?product=catalogo-shcneider-geral","title":{"rendered":"Cat\u00e1logo Shcneider &#8211; Geral"},"content":{"rendered":"<p>\u200b<span class=\"relative -mx-px my-[-0.2rem] rounded px-px py-[0.2rem]\">O <strong data-start=\"2\" data-end=\"51\">Cat\u00e1logo Geral da Schneider Electric Portugal<\/strong> \u00e9 uma ferramenta abrangente que apresenta a vasta gama de produtos e solu\u00e7\u00f5es da empresa nas \u00e1reas de automa\u00e7\u00e3o, controlo e distribui\u00e7\u00e3o de energia.<\/span> <span class=\"relative -mx-px my-[-0.2rem] rounded px-px py-[0.2rem]\">Este cat\u00e1logo \u00e9 essencial para profissionais que procuram detalhes t\u00e9cnicos e informa\u00e7\u00f5es atualizadas sobre as ofertas da Schneider Electric.<\/span><\/p>\n<p>Explore ao clicar abaixo.<\/p>\n<p><a href=\"https:\/\/electrosiluz.pt\/wp-content\/uploads\/2024\/05\/Catalogo-Geral-Schneider-2023_2024__.pdf\">Catalogo-Geral-Schneider<\/a><\/p>\n","protected":false},"excerpt":{"rendered":"<p>\u200bO Cat\u00e1logo Geral da Schneider Electric Portugal \u00e9 uma ferramenta abrangente que apresenta a vasta gama de produtos e solu\u00e7\u00f5es da empresa nas \u00e1reas de automa\u00e7\u00e3o, controlo e distribui\u00e7\u00e3o de energia. Este cat\u00e1logo \u00e9 essencial para profissionais que procuram detalhes t\u00e9cnicos e informa\u00e7\u00f5es atualizadas sobre as ofertas da Schneider Electric. Explore ao clicar abaixo. Catalogo-Geral-Schneider<\/p>\n","protected":false},"featured_media":756,"comment_status":"open","ping_status":"closed","template":"","meta":{"neve_meta_sidebar":"","neve_meta_container":"","neve_meta_enable_content_width":"off","neve_meta_content_width":100,"neve_meta_title_alignment":"","neve_meta_author_avatar":"","neve_post_elements_order":"","neve_meta_disable_header":"","neve_meta_disable_footer":"","neve_meta_disable_title":""},"product_brand":[],"product_cat":[42],"product_tag":[],"class_list":{"0":"post-755","1":"product","2":"type-product","3":"status-publish","4":"has-post-thumbnail","6":"product_cat-schneider","8":"first","9":"instock","10":"virtual","11":"product-type-simple"},"jetpack_sharing_enabled":true,"_links":{"self":[{"href":"https:\/\/electricidadeaguas.pt\/index.php?rest_route=\/wp\/v2\/product\/755","targetHints":{"allow":["GET"]}}],"collection":[{"href":"https:\/\/electricidadeaguas.pt\/index.php?rest_route=\/wp\/v2\/product"}],"about":[{"href":"https:\/\/electricidadeaguas.pt\/index.php?rest_route=\/wp\/v2\/types\/product"}],"replies":[{"embeddable":true,"href":"https:\/\/electricidadeaguas.pt\/index.php?rest_route=%2Fwp%2Fv2%2Fcomments&post=755"}],"wp:featuredmedia":[{"embeddable":true,"href":"https:\/\/electricidadeaguas.pt\/index.php?rest_route=\/wp\/v2\/media\/756"}],"wp:attachment":[{"href":"https:\/\/electricidadeaguas.pt\/index.php?rest_route=%2Fwp%2Fv2%2Fmedia&parent=755"}],"wp:term":[{"taxonomy":"product_brand","embeddable":true,"href":"https:\/\/electricidadeaguas.pt\/index.php?rest_route=%2Fwp%2Fv2%2Fproduct_brand&post=755"},{"taxonomy":"product_cat","embeddable":true,"href":"https:\/\/electricidadeaguas.pt\/index.php?rest_route=%2Fwp%2Fv2%2Fproduct_cat&post=755"},{"taxonomy":"product_tag","embeddable":true,"href":"https:\/\/electricidadeaguas.pt\/index.php?rest_route=%2Fwp%2Fv2%2Fproduct_tag&post=755"}],"curies":[{"name":"wp","href":"https:\/\/api.w.org\/{rel}","templated":true}]}}