{"id":760,"date":"2025-03-26T14:55:08","date_gmt":"2025-03-26T14:55:08","guid":{"rendered":"https:\/\/electricidadeaguas.pt\/?post_type=product&#038;p=760"},"modified":"2025-03-26T14:55:09","modified_gmt":"2025-03-26T14:55:09","slug":"catalogo-shcneider-automacao-e-controlo","status":"publish","type":"product","link":"https:\/\/electricidadeaguas.pt\/?product=catalogo-shcneider-automacao-e-controlo","title":{"rendered":"Cat\u00e1logo Shcneider &#8211; Automa\u00e7\u00e3o e controlo"},"content":{"rendered":"<p>O <strong data-start=\"2\" data-end=\"47\">Cat\u00e1logo Schneider &#8211; Automa\u00e7\u00e3o e Controlo<\/strong> apresenta uma gama completa de solu\u00e7\u00f5es para otimizar a efici\u00eancia e a seguran\u00e7a em sistemas el\u00e9tricos e industriais, incluindo controladores program\u00e1veis, interfaces homem-m\u00e1quina, variadores de velocidade e contactores. Com tecnologia avan\u00e7ada e integra\u00e7\u00e3o digital, os produtos garantem automa\u00e7\u00e3o inteligente e fi\u00e1vel para diferentes setores.<\/p>\n<p><strong data-start=\"393\" data-end=\"427\" data-is-last-node=\"\">Explore mais ao clicar abaixo.<\/strong><\/p>\n<p><a href=\"https:\/\/electrosiluz.pt\/wp-content\/uploads\/2024\/05\/Catalogo-Automacao-e-Controlo-2020_.pdf\">Cat\u00e1logo Shcneider &#8211; Automa\u00e7\u00e3o e controlo<\/a><\/p>\n","protected":false},"excerpt":{"rendered":"<p>O Cat\u00e1logo Schneider &#8211; Automa\u00e7\u00e3o e Controlo apresenta uma gama completa de solu\u00e7\u00f5es para otimizar a efici\u00eancia e a seguran\u00e7a em sistemas el\u00e9tricos e industriais, incluindo controladores program\u00e1veis, interfaces homem-m\u00e1quina, variadores de velocidade e contactores. Com tecnologia avan\u00e7ada e integra\u00e7\u00e3o digital, os produtos garantem automa\u00e7\u00e3o inteligente e fi\u00e1vel para diferentes setores. Explore mais ao clicar&hellip;&nbsp;<a href=\"https:\/\/electricidadeaguas.pt\/?product=catalogo-shcneider-automacao-e-controlo\" rel=\"bookmark\">Ler mais &raquo;<span class=\"screen-reader-text\">Cat\u00e1logo Shcneider &#8211; Automa\u00e7\u00e3o e controlo<\/span><\/a><\/p>\n","protected":false},"featured_media":761,"comment_status":"open","ping_status":"closed","template":"","meta":{"neve_meta_sidebar":"","neve_meta_container":"","neve_meta_enable_content_width":"off","neve_meta_content_width":100,"neve_meta_title_alignment":"","neve_meta_author_avatar":"","neve_post_elements_order":"","neve_meta_disable_header":"","neve_meta_disable_footer":"","neve_meta_disable_title":""},"product_brand":[],"product_cat":[42],"product_tag":[],"class_list":{"0":"post-760","1":"product","2":"type-product","3":"status-publish","4":"has-post-thumbnail","6":"product_cat-schneider","8":"first","9":"instock","10":"virtual","11":"product-type-simple"},"jetpack_sharing_enabled":true,"_links":{"self":[{"href":"https:\/\/electricidadeaguas.pt\/index.php?rest_route=\/wp\/v2\/product\/760","targetHints":{"allow":["GET"]}}],"collection":[{"href":"https:\/\/electricidadeaguas.pt\/index.php?rest_route=\/wp\/v2\/product"}],"about":[{"href":"https:\/\/electricidadeaguas.pt\/index.php?rest_route=\/wp\/v2\/types\/product"}],"replies":[{"embeddable":true,"href":"https:\/\/electricidadeaguas.pt\/index.php?rest_route=%2Fwp%2Fv2%2Fcomments&post=760"}],"wp:featuredmedia":[{"embeddable":true,"href":"https:\/\/electricidadeaguas.pt\/index.php?rest_route=\/wp\/v2\/media\/761"}],"wp:attachment":[{"href":"https:\/\/electricidadeaguas.pt\/index.php?rest_route=%2Fwp%2Fv2%2Fmedia&parent=760"}],"wp:term":[{"taxonomy":"product_brand","embeddable":true,"href":"https:\/\/electricidadeaguas.pt\/index.php?rest_route=%2Fwp%2Fv2%2Fproduct_brand&post=760"},{"taxonomy":"product_cat","embeddable":true,"href":"https:\/\/electricidadeaguas.pt\/index.php?rest_route=%2Fwp%2Fv2%2Fproduct_cat&post=760"},{"taxonomy":"product_tag","embeddable":true,"href":"https:\/\/electricidadeaguas.pt\/index.php?rest_route=%2Fwp%2Fv2%2Fproduct_tag&post=760"}],"curies":[{"name":"wp","href":"https:\/\/api.w.org\/{rel}","templated":true}]}}