{"id":767,"date":"2025-03-26T15:12:47","date_gmt":"2025-03-26T15:12:47","guid":{"rendered":"https:\/\/electricidadeaguas.pt\/?post_type=product&#038;p=767"},"modified":"2025-03-26T15:12:47","modified_gmt":"2025-03-26T15:12:47","slug":"catalogo-shcneider-wiser","status":"publish","type":"product","link":"https:\/\/electricidadeaguas.pt\/?product=catalogo-shcneider-wiser","title":{"rendered":"Cat\u00e1logo Shcneider &#8211; Wiser"},"content":{"rendered":"<p>O <strong data-start=\"2\" data-end=\"32\">Cat\u00e1logo Schneider &#8211; Wiser<\/strong> apresenta solu\u00e7\u00f5es inteligentes para automa\u00e7\u00e3o residencial, permitindo o controlo eficiente de ilumina\u00e7\u00e3o, climatiza\u00e7\u00e3o, persianas e consumo energ\u00e9tico atrav\u00e9s de uma aplica\u00e7\u00e3o intuitiva. Com tecnologia conectada, o sistema Wiser proporciona conforto, seguran\u00e7a e efici\u00eancia energ\u00e9tica, adaptando-se \u00e0s necessidades do utilizador para uma casa mais sustent\u00e1vel e moderna.<\/p>\n<p><strong data-start=\"405\" data-end=\"439\" data-is-last-node=\"\">Explore mais ao clicar abaixo.<\/strong><\/p>\n<p><a href=\"http:\/\/electricidadeaguas.pt\/wp-content\/uploads\/2025\/03\/Catalogo-Shcneider-Wiser.pdf\">Cat\u00e1logo Shcneider &#8211; Wiser<\/a><\/p>\n","protected":false},"excerpt":{"rendered":"<p>O Cat\u00e1logo Schneider &#8211; Wiser apresenta solu\u00e7\u00f5es inteligentes para automa\u00e7\u00e3o residencial, permitindo o controlo eficiente de ilumina\u00e7\u00e3o, climatiza\u00e7\u00e3o, persianas e consumo energ\u00e9tico atrav\u00e9s de uma aplica\u00e7\u00e3o intuitiva. Com tecnologia conectada, o sistema Wiser proporciona conforto, seguran\u00e7a e efici\u00eancia energ\u00e9tica, adaptando-se \u00e0s necessidades do utilizador para uma casa mais sustent\u00e1vel e moderna. Explore mais ao clicar&hellip;&nbsp;<a href=\"https:\/\/electricidadeaguas.pt\/?product=catalogo-shcneider-wiser\" rel=\"bookmark\">Ler mais &raquo;<span class=\"screen-reader-text\">Cat\u00e1logo Shcneider &#8211; Wiser<\/span><\/a><\/p>\n","protected":false},"featured_media":770,"comment_status":"open","ping_status":"closed","template":"","meta":{"neve_meta_sidebar":"","neve_meta_container":"","neve_meta_enable_content_width":"off","neve_meta_content_width":100,"neve_meta_title_alignment":"","neve_meta_author_avatar":"","neve_post_elements_order":"","neve_meta_disable_header":"","neve_meta_disable_footer":"","neve_meta_disable_title":""},"product_brand":[],"product_cat":[42],"product_tag":[],"class_list":{"0":"post-767","1":"product","2":"type-product","3":"status-publish","4":"has-post-thumbnail","6":"product_cat-schneider","8":"first","9":"instock","10":"virtual","11":"product-type-simple"},"jetpack_sharing_enabled":true,"_links":{"self":[{"href":"https:\/\/electricidadeaguas.pt\/index.php?rest_route=\/wp\/v2\/product\/767","targetHints":{"allow":["GET"]}}],"collection":[{"href":"https:\/\/electricidadeaguas.pt\/index.php?rest_route=\/wp\/v2\/product"}],"about":[{"href":"https:\/\/electricidadeaguas.pt\/index.php?rest_route=\/wp\/v2\/types\/product"}],"replies":[{"embeddable":true,"href":"https:\/\/electricidadeaguas.pt\/index.php?rest_route=%2Fwp%2Fv2%2Fcomments&post=767"}],"wp:featuredmedia":[{"embeddable":true,"href":"https:\/\/electricidadeaguas.pt\/index.php?rest_route=\/wp\/v2\/media\/770"}],"wp:attachment":[{"href":"https:\/\/electricidadeaguas.pt\/index.php?rest_route=%2Fwp%2Fv2%2Fmedia&parent=767"}],"wp:term":[{"taxonomy":"product_brand","embeddable":true,"href":"https:\/\/electricidadeaguas.pt\/index.php?rest_route=%2Fwp%2Fv2%2Fproduct_brand&post=767"},{"taxonomy":"product_cat","embeddable":true,"href":"https:\/\/electricidadeaguas.pt\/index.php?rest_route=%2Fwp%2Fv2%2Fproduct_cat&post=767"},{"taxonomy":"product_tag","embeddable":true,"href":"https:\/\/electricidadeaguas.pt\/index.php?rest_route=%2Fwp%2Fv2%2Fproduct_tag&post=767"}],"curies":[{"name":"wp","href":"https:\/\/api.w.org\/{rel}","templated":true}]}}