{"id":775,"date":"2025-03-26T15:33:50","date_gmt":"2025-03-26T15:33:50","guid":{"rendered":"https:\/\/electricidadeaguas.pt\/?post_type=product&#038;p=775"},"modified":"2025-03-26T15:33:50","modified_gmt":"2025-03-26T15:33:50","slug":"catalogo-quiterios-geral","status":"publish","type":"product","link":"https:\/\/electricidadeaguas.pt\/?product=catalogo-quiterios-geral","title":{"rendered":"Cat\u00e1logo Quit\u00e9rios &#8211; Geral"},"content":{"rendered":"<p class=\"\" data-start=\"0\" data-end=\"566\">O &#8220;Cat\u00e1logo Quit\u00e9rios &#8211; Geral&#8221; \u00e9 uma cole\u00e7\u00e3o abrangente de produtos e servi\u00e7os oferecidos pela sua empresa, com foco em solu\u00e7\u00f5es inovadoras e sustent\u00e1veis no setor de eletricidade e canaliza\u00e7\u00f5es. Ele inclui detalhes sobre os diversos produtos dispon\u00edveis, como equipamentos de eletricidade, materiais de instala\u00e7\u00e3o, sistemas energ\u00e9ticos eficientes, e acess\u00f3rios de canaliza\u00e7\u00e3o. O cat\u00e1logo serve como uma vitrine para os clientes, oferecendo uma vis\u00e3o clara dos produtos de qualidade, com informa\u00e7\u00f5es \u00fateis sobre cada item, suas caracter\u00edsticas t\u00e9cnicas e benef\u00edcios.<\/p>\n<p class=\"\" data-start=\"568\" data-end=\"943\">Al\u00e9m disso, pode conter informa\u00e7\u00f5es sobre servi\u00e7os personalizados, como instala\u00e7\u00f5es el\u00e9tricas e de canaliza\u00e7\u00e3o, manuten\u00e7\u00e3o e consultoria t\u00e9cnica. O objetivo do cat\u00e1logo \u00e9 proporcionar aos clientes uma vis\u00e3o geral e f\u00e1cil acesso aos produtos e servi\u00e7os da empresa, com um design que facilita a navega\u00e7\u00e3o, especialmente para aqueles que buscam solu\u00e7\u00f5es pr\u00e1ticas e sustent\u00e1veis.<\/p>\n<p data-start=\"568\" data-end=\"943\">Explore mais ao clicar abaixo.<\/p>\n<p data-start=\"568\" data-end=\"943\"><a href=\"https:\/\/electrosiluz.pt\/wp-content\/uploads\/2025\/01\/Catalogo-Geral-PT-2025-v2.pdf\">Cat\u00e1logo Quit\u00e9rios &#8211; Geral<\/a><\/p>\n","protected":false},"excerpt":{"rendered":"<p>O &#8220;Cat\u00e1logo Quit\u00e9rios &#8211; Geral&#8221; \u00e9 uma cole\u00e7\u00e3o abrangente de produtos e servi\u00e7os oferecidos pela sua empresa, com foco em solu\u00e7\u00f5es inovadoras e sustent\u00e1veis no setor de eletricidade e canaliza\u00e7\u00f5es. Ele inclui detalhes sobre os diversos produtos dispon\u00edveis, como equipamentos de eletricidade, materiais de instala\u00e7\u00e3o, sistemas energ\u00e9ticos eficientes, e acess\u00f3rios de canaliza\u00e7\u00e3o. O cat\u00e1logo serve&hellip;&nbsp;<a href=\"https:\/\/electricidadeaguas.pt\/?product=catalogo-quiterios-geral\" rel=\"bookmark\">Ler mais &raquo;<span class=\"screen-reader-text\">Cat\u00e1logo Quit\u00e9rios &#8211; Geral<\/span><\/a><\/p>\n","protected":false},"featured_media":776,"comment_status":"open","ping_status":"closed","template":"","meta":{"neve_meta_sidebar":"","neve_meta_container":"","neve_meta_enable_content_width":"off","neve_meta_content_width":100,"neve_meta_title_alignment":"","neve_meta_author_avatar":"","neve_post_elements_order":"","neve_meta_disable_header":"","neve_meta_disable_footer":"","neve_meta_disable_title":""},"product_brand":[],"product_cat":[43],"product_tag":[],"class_list":{"0":"post-775","1":"product","2":"type-product","3":"status-publish","4":"has-post-thumbnail","6":"product_cat-quiterios","8":"first","9":"instock","10":"virtual","11":"product-type-simple"},"jetpack_sharing_enabled":true,"_links":{"self":[{"href":"https:\/\/electricidadeaguas.pt\/index.php?rest_route=\/wp\/v2\/product\/775","targetHints":{"allow":["GET"]}}],"collection":[{"href":"https:\/\/electricidadeaguas.pt\/index.php?rest_route=\/wp\/v2\/product"}],"about":[{"href":"https:\/\/electricidadeaguas.pt\/index.php?rest_route=\/wp\/v2\/types\/product"}],"replies":[{"embeddable":true,"href":"https:\/\/electricidadeaguas.pt\/index.php?rest_route=%2Fwp%2Fv2%2Fcomments&post=775"}],"wp:featuredmedia":[{"embeddable":true,"href":"https:\/\/electricidadeaguas.pt\/index.php?rest_route=\/wp\/v2\/media\/776"}],"wp:attachment":[{"href":"https:\/\/electricidadeaguas.pt\/index.php?rest_route=%2Fwp%2Fv2%2Fmedia&parent=775"}],"wp:term":[{"taxonomy":"product_brand","embeddable":true,"href":"https:\/\/electricidadeaguas.pt\/index.php?rest_route=%2Fwp%2Fv2%2Fproduct_brand&post=775"},{"taxonomy":"product_cat","embeddable":true,"href":"https:\/\/electricidadeaguas.pt\/index.php?rest_route=%2Fwp%2Fv2%2Fproduct_cat&post=775"},{"taxonomy":"product_tag","embeddable":true,"href":"https:\/\/electricidadeaguas.pt\/index.php?rest_route=%2Fwp%2Fv2%2Fproduct_tag&post=775"}],"curies":[{"name":"wp","href":"https:\/\/api.w.org\/{rel}","templated":true}]}}