{"id":794,"date":"2025-03-27T10:50:29","date_gmt":"2025-03-27T10:50:29","guid":{"rendered":"https:\/\/electricidadeaguas.pt\/?post_type=product&#038;p=794"},"modified":"2025-03-27T10:50:29","modified_gmt":"2025-03-27T10:50:29","slug":"catalogo-elvox-made-of-italy","status":"publish","type":"product","link":"https:\/\/electricidadeaguas.pt\/?product=catalogo-elvox-made-of-italy","title":{"rendered":"Cat\u00e1logo Elvox &#8211; MADE of ITALY"},"content":{"rendered":"<p class=\"\" data-start=\"133\" data-end=\"429\">A excel\u00eancia do design e da tecnologia italiana ao servi\u00e7o da seguran\u00e7a. No cat\u00e1logo <strong data-start=\"218\" data-end=\"243\">Elvox \u2013 MADE of ITALY<\/strong>, encontra uma sele\u00e7\u00e3o exclusiva de solu\u00e7\u00f5es para <strong data-start=\"293\" data-end=\"352\">portaria, videoporteiros e sistemas de intercomunica\u00e7\u00e3o<\/strong>, desenvolvidas e produzidas em It\u00e1lia, com aten\u00e7\u00e3o ao detalhe e \u00e0 qualidade.<\/p>\n<p class=\"\" data-start=\"431\" data-end=\"453\">Este cat\u00e1logo destaca:<\/p>\n<p class=\"\" data-start=\"455\" data-end=\"798\">\ud83c\uddee\ud83c\uddf9 <strong data-start=\"460\" data-end=\"491\">Produtos 100% Made in Italy<\/strong>, que combinam inova\u00e7\u00e3o, fiabilidade e est\u00e9tica<br data-start=\"538\" data-end=\"541\" \/>\u2728 Design elegante, minimalista e funcional, t\u00edpico do estilo italiano<br data-start=\"610\" data-end=\"613\" \/>\ud83d\udd12 Solu\u00e7\u00f5es completas para controlo de acessos, com tecnologia de \u00faltima gera\u00e7\u00e3o<br data-start=\"693\" data-end=\"696\" \/>\u2705 Qualidade certificada, pensada para responder \u00e0s exig\u00eancias dos mercados residenciais e empresariais<\/p>\n<p class=\"\" data-start=\"800\" data-end=\"933\">Mais do que produtos, a Elvox oferece solu\u00e7\u00f5es que refletem o <strong data-start=\"862\" data-end=\"886\">saber-fazer italiano<\/strong>, onde seguran\u00e7a e design caminham lado a lado.<\/p>\n<p data-start=\"800\" data-end=\"933\"><a href=\"http:\/\/electricidadeaguas.pt\/wp-content\/uploads\/2025\/03\/Catalogo-Elvox-MADE-of-ITALY.pdf\">Cat\u00e1logo Elvox &#8211; MADE of ITALY<\/a><\/p>\n","protected":false},"excerpt":{"rendered":"<p>A excel\u00eancia do design e da tecnologia italiana ao servi\u00e7o da seguran\u00e7a. No cat\u00e1logo Elvox \u2013 MADE of ITALY, encontra uma sele\u00e7\u00e3o exclusiva de solu\u00e7\u00f5es para portaria, videoporteiros e sistemas de intercomunica\u00e7\u00e3o, desenvolvidas e produzidas em It\u00e1lia, com aten\u00e7\u00e3o ao detalhe e \u00e0 qualidade. Este cat\u00e1logo destaca: \ud83c\uddee\ud83c\uddf9 Produtos 100% Made in Italy, que combinam&hellip;&nbsp;<a href=\"https:\/\/electricidadeaguas.pt\/?product=catalogo-elvox-made-of-italy\" rel=\"bookmark\">Ler mais &raquo;<span class=\"screen-reader-text\">Cat\u00e1logo Elvox &#8211; MADE of ITALY<\/span><\/a><\/p>\n","protected":false},"featured_media":796,"comment_status":"open","ping_status":"closed","template":"","meta":{"neve_meta_sidebar":"","neve_meta_container":"","neve_meta_enable_content_width":"off","neve_meta_content_width":100,"neve_meta_title_alignment":"","neve_meta_author_avatar":"","neve_post_elements_order":"","neve_meta_disable_header":"","neve_meta_disable_footer":"","neve_meta_disable_title":""},"product_brand":[],"product_cat":[44],"product_tag":[],"class_list":{"0":"post-794","1":"product","2":"type-product","3":"status-publish","4":"has-post-thumbnail","6":"product_cat-elvox","8":"first","9":"instock","10":"virtual","11":"product-type-simple"},"jetpack_sharing_enabled":true,"_links":{"self":[{"href":"https:\/\/electricidadeaguas.pt\/index.php?rest_route=\/wp\/v2\/product\/794","targetHints":{"allow":["GET"]}}],"collection":[{"href":"https:\/\/electricidadeaguas.pt\/index.php?rest_route=\/wp\/v2\/product"}],"about":[{"href":"https:\/\/electricidadeaguas.pt\/index.php?rest_route=\/wp\/v2\/types\/product"}],"replies":[{"embeddable":true,"href":"https:\/\/electricidadeaguas.pt\/index.php?rest_route=%2Fwp%2Fv2%2Fcomments&post=794"}],"wp:featuredmedia":[{"embeddable":true,"href":"https:\/\/electricidadeaguas.pt\/index.php?rest_route=\/wp\/v2\/media\/796"}],"wp:attachment":[{"href":"https:\/\/electricidadeaguas.pt\/index.php?rest_route=%2Fwp%2Fv2%2Fmedia&parent=794"}],"wp:term":[{"taxonomy":"product_brand","embeddable":true,"href":"https:\/\/electricidadeaguas.pt\/index.php?rest_route=%2Fwp%2Fv2%2Fproduct_brand&post=794"},{"taxonomy":"product_cat","embeddable":true,"href":"https:\/\/electricidadeaguas.pt\/index.php?rest_route=%2Fwp%2Fv2%2Fproduct_cat&post=794"},{"taxonomy":"product_tag","embeddable":true,"href":"https:\/\/electricidadeaguas.pt\/index.php?rest_route=%2Fwp%2Fv2%2Fproduct_tag&post=794"}],"curies":[{"name":"wp","href":"https:\/\/api.w.org\/{rel}","templated":true}]}}