{"id":800,"date":"2025-03-27T10:58:06","date_gmt":"2025-03-27T10:58:06","guid":{"rendered":"https:\/\/electricidadeaguas.pt\/?post_type=product&#038;p=800"},"modified":"2025-03-27T10:58:06","modified_gmt":"2025-03-27T10:58:06","slug":"catalogo-elvox-linea","status":"publish","type":"product","link":"https:\/\/electricidadeaguas.pt\/?product=catalogo-elvox-linea","title":{"rendered":"Cat\u00e1logo Elvox &#8211; LINEA"},"content":{"rendered":"<p class=\"\" data-start=\"123\" data-end=\"437\">Funcionalidade, inova\u00e7\u00e3o e design elegante definem a linha <strong data-start=\"182\" data-end=\"191\">LINEA<\/strong> da Elvox. Neste cat\u00e1logo, encontra uma gama completa de <strong data-start=\"248\" data-end=\"312\">pain\u00e9is de entrada e solu\u00e7\u00f5es para sistemas de videoporteiro<\/strong>, desenvolvida para oferecer seguran\u00e7a, tecnologia e uma integra\u00e7\u00e3o perfeita em qualquer ambiente residencial ou empresarial.<\/p>\n<p class=\"\" data-start=\"439\" data-end=\"457\">O cat\u00e1logo inclui:<\/p>\n<p class=\"\" data-start=\"459\" data-end=\"822\">\ud83d\udeaa <strong data-start=\"462\" data-end=\"512\">Pain\u00e9is exteriores modulares e personaliz\u00e1veis<\/strong>, com design minimalista e moderno<br data-start=\"546\" data-end=\"549\" \/>\ud83d\udd12 Solu\u00e7\u00f5es robustas, pensadas para m\u00e1xima durabilidade e prote\u00e7\u00e3o<br data-start=\"615\" data-end=\"618\" \/>\ud83d\udcf1 Compatibilidade com sistemas de controlo de acessos smart<br data-start=\"678\" data-end=\"681\" \/>\u2728 Integra\u00e7\u00e3o total com os restantes dispositivos Elvox e sistemas Vimar<br data-start=\"752\" data-end=\"755\" \/>\u2705 Op\u00e7\u00f5es vers\u00e1teis para pequenos edif\u00edcios, condom\u00ednios ou moradias<\/p>\n<p class=\"\" data-start=\"824\" data-end=\"973\">A linha <strong data-start=\"832\" data-end=\"841\">LINEA<\/strong> combina a tradi\u00e7\u00e3o de qualidade Elvox com uma est\u00e9tica discreta e contempor\u00e2nea, para quem procura seguran\u00e7a sem abdicar do estilo.<\/p>\n<p data-start=\"824\" data-end=\"973\"><a href=\"http:\/\/electricidadeaguas.pt\/wp-content\/uploads\/2025\/03\/Catalogo-Elvox-LINEA.pdf\">Cat\u00e1logo Elvox &#8211; LINEA<\/a><\/p>\n","protected":false},"excerpt":{"rendered":"<p>Funcionalidade, inova\u00e7\u00e3o e design elegante definem a linha LINEA da Elvox. Neste cat\u00e1logo, encontra uma gama completa de pain\u00e9is de entrada e solu\u00e7\u00f5es para sistemas de videoporteiro, desenvolvida para oferecer seguran\u00e7a, tecnologia e uma integra\u00e7\u00e3o perfeita em qualquer ambiente residencial ou empresarial. O cat\u00e1logo inclui: \ud83d\udeaa Pain\u00e9is exteriores modulares e personaliz\u00e1veis, com design minimalista e&hellip;&nbsp;<a href=\"https:\/\/electricidadeaguas.pt\/?product=catalogo-elvox-linea\" rel=\"bookmark\">Ler mais &raquo;<span class=\"screen-reader-text\">Cat\u00e1logo Elvox &#8211; LINEA<\/span><\/a><\/p>\n","protected":false},"featured_media":801,"comment_status":"open","ping_status":"closed","template":"","meta":{"neve_meta_sidebar":"","neve_meta_container":"","neve_meta_enable_content_width":"off","neve_meta_content_width":100,"neve_meta_title_alignment":"","neve_meta_author_avatar":"","neve_post_elements_order":"","neve_meta_disable_header":"","neve_meta_disable_footer":"","neve_meta_disable_title":""},"product_brand":[],"product_cat":[44],"product_tag":[],"class_list":{"0":"post-800","1":"product","2":"type-product","3":"status-publish","4":"has-post-thumbnail","6":"product_cat-elvox","8":"first","9":"instock","10":"virtual","11":"product-type-simple"},"jetpack_sharing_enabled":true,"_links":{"self":[{"href":"https:\/\/electricidadeaguas.pt\/index.php?rest_route=\/wp\/v2\/product\/800","targetHints":{"allow":["GET"]}}],"collection":[{"href":"https:\/\/electricidadeaguas.pt\/index.php?rest_route=\/wp\/v2\/product"}],"about":[{"href":"https:\/\/electricidadeaguas.pt\/index.php?rest_route=\/wp\/v2\/types\/product"}],"replies":[{"embeddable":true,"href":"https:\/\/electricidadeaguas.pt\/index.php?rest_route=%2Fwp%2Fv2%2Fcomments&post=800"}],"wp:featuredmedia":[{"embeddable":true,"href":"https:\/\/electricidadeaguas.pt\/index.php?rest_route=\/wp\/v2\/media\/801"}],"wp:attachment":[{"href":"https:\/\/electricidadeaguas.pt\/index.php?rest_route=%2Fwp%2Fv2%2Fmedia&parent=800"}],"wp:term":[{"taxonomy":"product_brand","embeddable":true,"href":"https:\/\/electricidadeaguas.pt\/index.php?rest_route=%2Fwp%2Fv2%2Fproduct_brand&post=800"},{"taxonomy":"product_cat","embeddable":true,"href":"https:\/\/electricidadeaguas.pt\/index.php?rest_route=%2Fwp%2Fv2%2Fproduct_cat&post=800"},{"taxonomy":"product_tag","embeddable":true,"href":"https:\/\/electricidadeaguas.pt\/index.php?rest_route=%2Fwp%2Fv2%2Fproduct_tag&post=800"}],"curies":[{"name":"wp","href":"https:\/\/api.w.org\/{rel}","templated":true}]}}