{"id":803,"date":"2025-03-27T11:00:43","date_gmt":"2025-03-27T11:00:43","guid":{"rendered":"https:\/\/electricidadeaguas.pt\/?post_type=product&#038;p=803"},"modified":"2025-03-27T11:00:43","modified_gmt":"2025-03-27T11:00:43","slug":"catalogo-elvox-hotel-solutions","status":"publish","type":"product","link":"https:\/\/electricidadeaguas.pt\/?product=catalogo-elvox-hotel-solutions","title":{"rendered":"Cat\u00e1logo Elvox &#8211; Hotel Solutions"},"content":{"rendered":"<p class=\"\" data-start=\"138\" data-end=\"412\">Solu\u00e7\u00f5es completas e inteligentes para a gest\u00e3o de acessos em unidades hoteleiras. No cat\u00e1logo <strong data-start=\"233\" data-end=\"260\">Elvox \u2013 Hotel Solutions<\/strong>, encontra uma sele\u00e7\u00e3o de sistemas concebidos para garantir <strong data-start=\"320\" data-end=\"356\">seguran\u00e7a, conforto e efici\u00eancia<\/strong> tanto para os h\u00f3spedes como para os gestores do espa\u00e7o.<\/p>\n<p class=\"\" data-start=\"414\" data-end=\"435\">Este cat\u00e1logo inclui:<\/p>\n<p class=\"\" data-start=\"437\" data-end=\"844\">\ud83c\udfe8 <strong data-start=\"440\" data-end=\"518\">Sistemas de controlo de acessos para hot\u00e9is, pousadas e alojamentos locais<\/strong><br data-start=\"518\" data-end=\"521\" \/>\ud83d\udd11 <strong data-start=\"524\" data-end=\"574\">Solu\u00e7\u00f5es de identifica\u00e7\u00e3o e abertura de portas<\/strong> com cart\u00f5es, c\u00f3digos ou tecnologia smart<br data-start=\"615\" data-end=\"618\" \/>\ud83d\udcf1 Integra\u00e7\u00e3o com sistemas de automa\u00e7\u00e3o e gest\u00e3o centralizada<br data-start=\"679\" data-end=\"682\" \/>\u2728 Dispositivos com design discreto, elegante e adaptado ao setor hoteleiro<br data-start=\"756\" data-end=\"759\" \/>\u2705 Funcionalidades que melhoram a experi\u00eancia do h\u00f3spede e simplificam a gest\u00e3o di\u00e1ria<\/p>\n<p class=\"\" data-start=\"846\" data-end=\"984\">A Elvox oferece uma gama pensada para responder \u00e0s exig\u00eancias do setor, garantindo uma estadia mais <strong data-start=\"946\" data-end=\"983\">segura, confort\u00e1vel e tecnol\u00f3gica<\/strong>.<\/p>\n<p data-start=\"846\" data-end=\"984\"><a href=\"http:\/\/electricidadeaguas.pt\/wp-content\/uploads\/2025\/03\/Catalogo-Elvox-Hotel-Solutions.pdf\">Cat\u00e1logo Elvox &#8211; Hotel Solutions<\/a><\/p>\n","protected":false},"excerpt":{"rendered":"<p>Solu\u00e7\u00f5es completas e inteligentes para a gest\u00e3o de acessos em unidades hoteleiras. No cat\u00e1logo Elvox \u2013 Hotel Solutions, encontra uma sele\u00e7\u00e3o de sistemas concebidos para garantir seguran\u00e7a, conforto e efici\u00eancia tanto para os h\u00f3spedes como para os gestores do espa\u00e7o. Este cat\u00e1logo inclui: \ud83c\udfe8 Sistemas de controlo de acessos para hot\u00e9is, pousadas e alojamentos locais\ud83d\udd11&hellip;&nbsp;<a href=\"https:\/\/electricidadeaguas.pt\/?product=catalogo-elvox-hotel-solutions\" rel=\"bookmark\">Ler mais &raquo;<span class=\"screen-reader-text\">Cat\u00e1logo Elvox &#8211; Hotel Solutions<\/span><\/a><\/p>\n","protected":false},"featured_media":805,"comment_status":"open","ping_status":"closed","template":"","meta":{"neve_meta_sidebar":"","neve_meta_container":"","neve_meta_enable_content_width":"off","neve_meta_content_width":100,"neve_meta_title_alignment":"","neve_meta_author_avatar":"","neve_post_elements_order":"","neve_meta_disable_header":"","neve_meta_disable_footer":"","neve_meta_disable_title":""},"product_brand":[],"product_cat":[44],"product_tag":[],"class_list":{"0":"post-803","1":"product","2":"type-product","3":"status-publish","4":"has-post-thumbnail","6":"product_cat-elvox","8":"first","9":"instock","10":"virtual","11":"product-type-simple"},"jetpack_sharing_enabled":true,"_links":{"self":[{"href":"https:\/\/electricidadeaguas.pt\/index.php?rest_route=\/wp\/v2\/product\/803","targetHints":{"allow":["GET"]}}],"collection":[{"href":"https:\/\/electricidadeaguas.pt\/index.php?rest_route=\/wp\/v2\/product"}],"about":[{"href":"https:\/\/electricidadeaguas.pt\/index.php?rest_route=\/wp\/v2\/types\/product"}],"replies":[{"embeddable":true,"href":"https:\/\/electricidadeaguas.pt\/index.php?rest_route=%2Fwp%2Fv2%2Fcomments&post=803"}],"wp:featuredmedia":[{"embeddable":true,"href":"https:\/\/electricidadeaguas.pt\/index.php?rest_route=\/wp\/v2\/media\/805"}],"wp:attachment":[{"href":"https:\/\/electricidadeaguas.pt\/index.php?rest_route=%2Fwp%2Fv2%2Fmedia&parent=803"}],"wp:term":[{"taxonomy":"product_brand","embeddable":true,"href":"https:\/\/electricidadeaguas.pt\/index.php?rest_route=%2Fwp%2Fv2%2Fproduct_brand&post=803"},{"taxonomy":"product_cat","embeddable":true,"href":"https:\/\/electricidadeaguas.pt\/index.php?rest_route=%2Fwp%2Fv2%2Fproduct_cat&post=803"},{"taxonomy":"product_tag","embeddable":true,"href":"https:\/\/electricidadeaguas.pt\/index.php?rest_route=%2Fwp%2Fv2%2Fproduct_tag&post=803"}],"curies":[{"name":"wp","href":"https:\/\/api.w.org\/{rel}","templated":true}]}}