{"id":848,"date":"2025-03-27T16:07:18","date_gmt":"2025-03-27T16:07:18","guid":{"rendered":"https:\/\/electricidadeaguas.pt\/?post_type=product&#038;p=848"},"modified":"2025-03-27T16:07:18","modified_gmt":"2025-03-27T16:07:18","slug":"catalogo-televes-distribuicao-de-tv-datacom-hotelaria","status":"publish","type":"product","link":"https:\/\/electricidadeaguas.pt\/?product=catalogo-televes-distribuicao-de-tv-datacom-hotelaria","title":{"rendered":"Cat\u00e1logo Televes &#8211; DISTRIBUI\u00c7\u00c3O DE TV | DATACOM | HOTELARIA"},"content":{"rendered":"<p class=\"\" data-start=\"65\" data-end=\"324\">A <strong data-start=\"67\" data-end=\"78\">Televes<\/strong> apresenta uma gama completa de solu\u00e7\u00f5es para os setores de <strong data-start=\"138\" data-end=\"204\">Distribui\u00e7\u00e3o de TV, Redes de Comunica\u00e7\u00e3o (Datacom) e Hotelaria<\/strong>, desenvolvidas para garantir qualidade, efici\u00eancia e inova\u00e7\u00e3o na transmiss\u00e3o e gest\u00e3o de conte\u00fados e servi\u00e7os digitais.<\/p>\n<hr class=\"\" data-start=\"326\" data-end=\"329\" \/>\n<h3 class=\"\" data-start=\"331\" data-end=\"360\">\ud83d\udcfa <strong data-start=\"338\" data-end=\"360\">Distribui\u00e7\u00e3o de TV<\/strong><\/h3>\n<p class=\"\" data-start=\"361\" data-end=\"496\">Solu\u00e7\u00f5es profissionais para rece\u00e7\u00e3o, processamento e distribui\u00e7\u00e3o de sinais de televis\u00e3o, tanto em sistemas coletivos como individuais:<\/p>\n<p class=\"\" data-start=\"498\" data-end=\"643\">\u2705 <strong data-start=\"500\" data-end=\"533\">Antenas e Cabe\u00e7ais de Rece\u00e7\u00e3o<\/strong><br data-start=\"533\" data-end=\"536\" \/>Gama completa de antenas UHF, VHF, parab\u00f3licas e multisat\u00e9lite, assim como cabe\u00e7ais digitais e moduladores.<\/p>\n<p class=\"\" data-start=\"645\" data-end=\"835\">\u2705 <strong data-start=\"647\" data-end=\"680\">Amplificadores e Distribui\u00e7\u00e3o<\/strong><br data-start=\"680\" data-end=\"683\" \/>Equipamentos para amplifica\u00e7\u00e3o e distribui\u00e7\u00e3o de sinais RF, garantindo qualidade e estabilidade em edif\u00edcios residenciais, hot\u00e9is ou espa\u00e7os comerciais.<\/p>\n<p class=\"\" data-start=\"837\" data-end=\"1013\">\u2705 <strong data-start=\"839\" data-end=\"865\">Processamento de Sinal<\/strong><br data-start=\"865\" data-end=\"868\" \/>Solu\u00e7\u00f5es avan\u00e7adas para transmodula\u00e7\u00e3o, multiplexagem e gest\u00e3o de conte\u00fados digitais, permitindo a distribui\u00e7\u00e3o de sinais DVB-T, DVB-S\/S2 e IPTV.<\/p>\n<p class=\"\" data-start=\"1015\" data-end=\"1166\">\u2705 <strong data-start=\"1017\" data-end=\"1045\">Sistemas de Fibra \u00d3ptica<\/strong><br data-start=\"1045\" data-end=\"1048\" \/>Infraestruturas de TV sobre fibra \u00f3ptica para grandes instala\u00e7\u00f5es, com elevado desempenho e baixo custo de manuten\u00e7\u00e3o.<\/p>\n<p data-start=\"1015\" data-end=\"1166\"><a href=\"http:\/\/electricidadeaguas.pt\/wp-content\/uploads\/2025\/03\/Televes-Catalogo-Geral-2024_.pdf\">Televes-Catalogo<\/a><\/p>\n","protected":false},"excerpt":{"rendered":"<p>A Televes apresenta uma gama completa de solu\u00e7\u00f5es para os setores de Distribui\u00e7\u00e3o de TV, Redes de Comunica\u00e7\u00e3o (Datacom) e Hotelaria, desenvolvidas para garantir qualidade, efici\u00eancia e inova\u00e7\u00e3o na transmiss\u00e3o e gest\u00e3o de conte\u00fados e servi\u00e7os digitais. \ud83d\udcfa Distribui\u00e7\u00e3o de TV Solu\u00e7\u00f5es profissionais para rece\u00e7\u00e3o, processamento e distribui\u00e7\u00e3o de sinais de televis\u00e3o, tanto em sistemas&hellip;&nbsp;<a href=\"https:\/\/electricidadeaguas.pt\/?product=catalogo-televes-distribuicao-de-tv-datacom-hotelaria\" rel=\"bookmark\">Ler mais &raquo;<span class=\"screen-reader-text\">Cat\u00e1logo Televes &#8211; DISTRIBUI\u00c7\u00c3O DE TV | DATACOM | HOTELARIA<\/span><\/a><\/p>\n","protected":false},"featured_media":850,"comment_status":"open","ping_status":"closed","template":"","meta":{"neve_meta_sidebar":"","neve_meta_container":"","neve_meta_enable_content_width":"off","neve_meta_content_width":100,"neve_meta_title_alignment":"","neve_meta_author_avatar":"","neve_post_elements_order":"","neve_meta_disable_header":"","neve_meta_disable_footer":"","neve_meta_disable_title":""},"product_brand":[],"product_cat":[46],"product_tag":[],"class_list":{"0":"post-848","1":"product","2":"type-product","3":"status-publish","4":"has-post-thumbnail","6":"product_cat-televes","8":"first","9":"instock","10":"virtual","11":"product-type-simple"},"jetpack_sharing_enabled":true,"_links":{"self":[{"href":"https:\/\/electricidadeaguas.pt\/index.php?rest_route=\/wp\/v2\/product\/848","targetHints":{"allow":["GET"]}}],"collection":[{"href":"https:\/\/electricidadeaguas.pt\/index.php?rest_route=\/wp\/v2\/product"}],"about":[{"href":"https:\/\/electricidadeaguas.pt\/index.php?rest_route=\/wp\/v2\/types\/product"}],"replies":[{"embeddable":true,"href":"https:\/\/electricidadeaguas.pt\/index.php?rest_route=%2Fwp%2Fv2%2Fcomments&post=848"}],"wp:featuredmedia":[{"embeddable":true,"href":"https:\/\/electricidadeaguas.pt\/index.php?rest_route=\/wp\/v2\/media\/850"}],"wp:attachment":[{"href":"https:\/\/electricidadeaguas.pt\/index.php?rest_route=%2Fwp%2Fv2%2Fmedia&parent=848"}],"wp:term":[{"taxonomy":"product_brand","embeddable":true,"href":"https:\/\/electricidadeaguas.pt\/index.php?rest_route=%2Fwp%2Fv2%2Fproduct_brand&post=848"},{"taxonomy":"product_cat","embeddable":true,"href":"https:\/\/electricidadeaguas.pt\/index.php?rest_route=%2Fwp%2Fv2%2Fproduct_cat&post=848"},{"taxonomy":"product_tag","embeddable":true,"href":"https:\/\/electricidadeaguas.pt\/index.php?rest_route=%2Fwp%2Fv2%2Fproduct_tag&post=848"}],"curies":[{"name":"wp","href":"https:\/\/api.w.org\/{rel}","templated":true}]}}